{"id":374,"date":"2025-01-08T17:32:45","date_gmt":"2025-01-08T16:32:45","guid":{"rendered":"https:\/\/indie.rent\/catalogue\/produit\/serie-de-4-optiques-veydra-mini-prime\/"},"modified":"2026-04-04T00:16:15","modified_gmt":"2026-04-03T22:16:15","slug":"serie-de-4-optiques-veydra-mini-prime-t2-2-s35-o80-mm-16-25-35-50","status":"publish","type":"product","link":"https:\/\/indie.rent\/catalogue\/produit\/serie-de-4-optiques-veydra-mini-prime-t2-2-s35-o80-mm-16-25-35-50\/","title":{"rendered":"S\u00e9rie de 4 Optiques Veydra Mini Prime T2.2 &#8211; S35 &#8211; \u00d880 mm (16-25-35-50)"},"content":{"rendered":"<p>La s\u00e9rie Veydra Mini Prime en monture E regroupe des optiques cin\u00e9ma \u00e0 focale fixe con\u00e7ues sp\u00e9cifiquement pour un usage vid\u00e9o.<br \/>Elles couvrent les capteurs APS-C \/ Super 35 et proposent une ouverture constante de T2.2 \u00e0 T22.<\/p>\n<p>Chaque objectif int\u00e8gre des bagues de mise au point et d\u2019ouverture crant\u00e9es au standard cin\u00e9ma (pas 0.8) avec une longue course de focus.<br \/>La construction est en aluminium avec un diam\u00e8tre frontal uniforme de 80 mm et un filetage filtre de 77 mm pour faciliter l\u2019usage d\u2019accessoires.<\/p>\n<p>L\u2019ensemble est homog\u00e8ne en taille et en position des commandes, permettant des changements d\u2019optiques sans r\u00e9ajustement du follow focus.<\/p>\n","protected":false},"excerpt":{"rendered":"<p>La s\u00e9rie Veydra Mini Prime en monture E regroupe des optiques cin\u00e9ma \u00e0 focale fixe con\u00e7ues sp\u00e9cifiquement pour un usage vid\u00e9o.Elles couvrent les capteurs APS-C \/ Super 35 et proposent une ouverture constante de T2.2 \u00e0 T22. Chaque objectif int\u00e8gre des bagues de mise au point et d\u2019ouverture crant\u00e9es au standard cin\u00e9ma (pas 0.8) avec [&hellip;]<\/p>\n","protected":false},"featured_media":2490,"template":"","meta":{"inline_featured_image":false},"product_brand":[],"product_cat":[1932],"product_tag":[],"class_list":{"0":"post-374","1":"product","2":"type-product","3":"status-publish","4":"has-post-thumbnail","6":"product_cat-optique-spherique-e","8":"first","9":"instock","10":"taxable","11":"shipping-taxable","12":"purchasable","13":"product-type-rentable"},"acf":[],"_links":{"self":[{"href":"https:\/\/indie.rent\/catalogue\/wp-json\/wp\/v2\/product\/374","targetHints":{"allow":["GET"]}}],"collection":[{"href":"https:\/\/indie.rent\/catalogue\/wp-json\/wp\/v2\/product"}],"about":[{"href":"https:\/\/indie.rent\/catalogue\/wp-json\/wp\/v2\/types\/product"}],"version-history":[{"count":4,"href":"https:\/\/indie.rent\/catalogue\/wp-json\/wp\/v2\/product\/374\/revisions"}],"predecessor-version":[{"id":6633,"href":"https:\/\/indie.rent\/catalogue\/wp-json\/wp\/v2\/product\/374\/revisions\/6633"}],"wp:featuredmedia":[{"embeddable":true,"href":"https:\/\/indie.rent\/catalogue\/wp-json\/wp\/v2\/media\/2490"}],"wp:attachment":[{"href":"https:\/\/indie.rent\/catalogue\/wp-json\/wp\/v2\/media?parent=374"}],"wp:term":[{"taxonomy":"product_brand","embeddable":true,"href":"https:\/\/indie.rent\/catalogue\/wp-json\/wp\/v2\/product_brand?post=374"},{"taxonomy":"product_cat","embeddable":true,"href":"https:\/\/indie.rent\/catalogue\/wp-json\/wp\/v2\/product_cat?post=374"},{"taxonomy":"product_tag","embeddable":true,"href":"https:\/\/indie.rent\/catalogue\/wp-json\/wp\/v2\/product_tag?post=374"}],"curies":[{"name":"wp","href":"https:\/\/api.w.org\/{rel}","templated":true}]}}