{"id":371,"date":"2025-01-08T17:32:45","date_gmt":"2025-01-08T16:32:45","guid":{"rendered":"https:\/\/indie.rent\/catalogue\/produit\/laowa-optique-macro-probe-24mm-t14-monture-ef-sn-00254\/"},"modified":"2026-04-04T00:14:20","modified_gmt":"2026-04-03T22:14:20","slug":"laowa-optique-macro-probe-24mm-t14-monture-ef","status":"publish","type":"product","link":"https:\/\/indie.rent\/catalogue\/produit\/laowa-optique-macro-probe-24mm-t14-monture-ef\/","title":{"rendered":"LAOWA Optique Macro Probe 24mm T14 Monture EF"},"content":{"rendered":"<p>Le Laowa 24 mm F14 2x Macro Probe est un objectif dot\u00e9 d\u2019une longueur focale de 24 mm et d\u2019un rapport de grossissement de 2:1. Il permet d\u2019acc\u00e9der \u00e0 des endroits difficiles, voir impossibles d\u2019acc\u00e8s avec une optique macro traditionnelle.<\/p>\n<p>Il offre une distance de mise au point minimale de 47 cm et une conception optique sophistiqu\u00e9e. Le 24 mm offre une haut niveau de clart\u00e9, de pr\u00e9cision des couleurs et de nettet\u00e9.<\/p>\n<p>Il est \u00e9tanche, ce qui permet de travailler sur des sujets juste sous la surface de l\u2019eau ou dans des endroits poussi\u00e9reux.<\/p>\n<p>Ouverture: f\/14 \u00e0 f\/40<br \/>Deux \u00e9l\u00e9ments \u00e0 tr\u00e8s faible dispersion<br \/>Un \u00e9l\u00e9ment d\u2019indice de r\u00e9fraction suppl\u00e9mentaire<br \/>Grossissement 2:1 \u00e0 l\u2019infini<br \/>Distance de mise au point mini. 47 cm<br \/>Lumi\u00e8re annulaire LED int\u00e9gr\u00e9<br \/>Avant de l\u2019objectif \u00e9tanche<\/p>\n","protected":false},"excerpt":{"rendered":"<p>Le Laowa 24 mm F14 2x Macro Probe est un objectif dot\u00e9 d\u2019une longueur focale de 24 mm et d\u2019un rapport de grossissement de 2:1. Il permet d\u2019acc\u00e9der \u00e0 des endroits difficiles, voir impossibles d\u2019acc\u00e8s avec une optique macro traditionnelle. Il offre une distance de mise au point minimale de 47 cm et une conception [&hellip;]<\/p>\n","protected":false},"featured_media":2082,"template":"","meta":{"inline_featured_image":false},"product_brand":[],"product_cat":[1927],"product_tag":[],"class_list":{"0":"post-371","1":"product","2":"type-product","3":"status-publish","4":"has-post-thumbnail","6":"product_cat-optique-macro-ef","8":"first","9":"instock","10":"taxable","11":"shipping-taxable","12":"purchasable","13":"product-type-rentable"},"acf":[],"_links":{"self":[{"href":"https:\/\/indie.rent\/catalogue\/wp-json\/wp\/v2\/product\/371","targetHints":{"allow":["GET"]}}],"collection":[{"href":"https:\/\/indie.rent\/catalogue\/wp-json\/wp\/v2\/product"}],"about":[{"href":"https:\/\/indie.rent\/catalogue\/wp-json\/wp\/v2\/types\/product"}],"version-history":[{"count":2,"href":"https:\/\/indie.rent\/catalogue\/wp-json\/wp\/v2\/product\/371\/revisions"}],"predecessor-version":[{"id":5458,"href":"https:\/\/indie.rent\/catalogue\/wp-json\/wp\/v2\/product\/371\/revisions\/5458"}],"wp:featuredmedia":[{"embeddable":true,"href":"https:\/\/indie.rent\/catalogue\/wp-json\/wp\/v2\/media\/2082"}],"wp:attachment":[{"href":"https:\/\/indie.rent\/catalogue\/wp-json\/wp\/v2\/media?parent=371"}],"wp:term":[{"taxonomy":"product_brand","embeddable":true,"href":"https:\/\/indie.rent\/catalogue\/wp-json\/wp\/v2\/product_brand?post=371"},{"taxonomy":"product_cat","embeddable":true,"href":"https:\/\/indie.rent\/catalogue\/wp-json\/wp\/v2\/product_cat?post=371"},{"taxonomy":"product_tag","embeddable":true,"href":"https:\/\/indie.rent\/catalogue\/wp-json\/wp\/v2\/product_tag?post=371"}],"curies":[{"name":"wp","href":"https:\/\/api.w.org\/{rel}","templated":true}]}}