{"id":3708,"date":"2025-06-04T18:28:43","date_gmt":"2025-06-04T16:28:43","guid":{"rendered":"https:\/\/indie.rent\/catalogue\/produit\/velcro-adhesif-crochet-au-metre-50mm\/"},"modified":"2026-04-13T18:27:20","modified_gmt":"2026-04-13T16:27:20","slug":"velcro-adhesif-crochet-au-metre-50mm","status":"publish","type":"product","link":"https:\/\/indie.rent\/catalogue\/produit\/velcro-adhesif-crochet-au-metre-50mm\/","title":{"rendered":"Velcro Adh\u00e9sif Crochet au M\u00e8tre (50mm)"},"content":{"rendered":"<p>Velcro adh\u00e9sif (50mm) dur<\/p>\n","protected":false},"excerpt":{"rendered":"<p>Velcro adh\u00e9sif (50mm) dur<\/p>\n","protected":false},"featured_media":3813,"template":"","meta":{"inline_featured_image":false},"product_brand":[],"product_cat":[2222],"product_tag":[],"class_list":{"0":"post-3708","1":"product","2":"type-product","3":"status-publish","4":"has-post-thumbnail","6":"product_cat-velcros","8":"first","9":"instock","10":"taxable","11":"shipping-taxable","12":"purchasable","13":"product-type-simple"},"acf":[],"_links":{"self":[{"href":"https:\/\/indie.rent\/catalogue\/wp-json\/wp\/v2\/product\/3708","targetHints":{"allow":["GET"]}}],"collection":[{"href":"https:\/\/indie.rent\/catalogue\/wp-json\/wp\/v2\/product"}],"about":[{"href":"https:\/\/indie.rent\/catalogue\/wp-json\/wp\/v2\/types\/product"}],"version-history":[{"count":0,"href":"https:\/\/indie.rent\/catalogue\/wp-json\/wp\/v2\/product\/3708\/revisions"}],"wp:featuredmedia":[{"embeddable":true,"href":"https:\/\/indie.rent\/catalogue\/wp-json\/wp\/v2\/media\/3813"}],"wp:attachment":[{"href":"https:\/\/indie.rent\/catalogue\/wp-json\/wp\/v2\/media?parent=3708"}],"wp:term":[{"taxonomy":"product_brand","embeddable":true,"href":"https:\/\/indie.rent\/catalogue\/wp-json\/wp\/v2\/product_brand?post=3708"},{"taxonomy":"product_cat","embeddable":true,"href":"https:\/\/indie.rent\/catalogue\/wp-json\/wp\/v2\/product_cat?post=3708"},{"taxonomy":"product_tag","embeddable":true,"href":"https:\/\/indie.rent\/catalogue\/wp-json\/wp\/v2\/product_tag?post=3708"}],"curies":[{"name":"wp","href":"https:\/\/api.w.org\/{rel}","templated":true}]}}