{"id":3697,"date":"2025-06-04T14:54:57","date_gmt":"2025-06-04T12:54:57","guid":{"rendered":"https:\/\/indie.rent\/catalogue\/produit\/projecteur-nanlux-evoke-900c\/"},"modified":"2026-04-16T18:34:01","modified_gmt":"2026-04-16T16:34:01","slug":"projecteur-led-couleur-nanlux-evoke-900c","status":"publish","type":"product","link":"https:\/\/indie.rent\/catalogue\/produit\/projecteur-led-couleur-nanlux-evoke-900c\/","title":{"rendered":"Projecteur LED Couleur NANLUX Evoke 900C"},"content":{"rendered":"<p>Projecteur LED RGBLAC ultra puissant, le Nanlux Evoke 900C est con\u00e7u pour les productions exigeantes cin\u00e9ma et publicit\u00e9. Il combine une intensit\u00e9 comparable \u00e0 un HMI avec un contr\u00f4le couleur avanc\u00e9, offrant une flexibilit\u00e9 maximale en studio comme en ext\u00e9rieur<\/p>\n<p>Caract\u00e9ristiques principales :<\/p>\n<p>Source : LED RGBLAC<br \/>Temp\u00e9rature de couleur : 1 800K \u2013 20 000K<br \/>CRI \/ TLCI : \u2265 96 \/ \u2265 95<br \/>Monture : NL Mount<br \/>Alimentation : Secteur<br \/>Contr\u00f4le : On-board, Nanlink App, DMX\/RDM, CRMX,\u00a0Art-Net<br \/>\u00c9tanch\u00e9it\u00e9 : IP55<br \/>Poids (t\u00eate + Ballast) : 12,2 kg<br \/>Consommation \u00e9lectrique : 940 W<br \/>Dimensions\u00a0 : 343 mm \u00d7 450 mm \u00d7 260 mm<\/p>\n","protected":false},"excerpt":{"rendered":"<p>Projecteur LED RGBLAC ultra puissant, le Nanlux Evoke 900C est con\u00e7u pour les productions exigeantes cin\u00e9ma et publicit\u00e9. Il combine une intensit\u00e9 comparable \u00e0 un HMI avec un contr\u00f4le couleur avanc\u00e9, offrant une flexibilit\u00e9 maximale en studio comme en ext\u00e9rieur Caract\u00e9ristiques principales : Source : LED RGBLACTemp\u00e9rature de couleur : 1 800K \u2013 20 000KCRI [&hellip;]<\/p>\n","protected":false},"featured_media":4001,"template":"","meta":{"inline_featured_image":false},"product_brand":[],"product_cat":[2006],"product_tag":[],"class_list":{"0":"post-3697","1":"product","2":"type-product","3":"status-publish","4":"has-post-thumbnail","6":"product_cat-led-couleur-ponctuelle","8":"first","9":"instock","10":"taxable","11":"shipping-taxable","12":"purchasable","13":"product-type-rentable"},"acf":[],"_links":{"self":[{"href":"https:\/\/indie.rent\/catalogue\/wp-json\/wp\/v2\/product\/3697","targetHints":{"allow":["GET"]}}],"collection":[{"href":"https:\/\/indie.rent\/catalogue\/wp-json\/wp\/v2\/product"}],"about":[{"href":"https:\/\/indie.rent\/catalogue\/wp-json\/wp\/v2\/types\/product"}],"version-history":[{"count":0,"href":"https:\/\/indie.rent\/catalogue\/wp-json\/wp\/v2\/product\/3697\/revisions"}],"wp:featuredmedia":[{"embeddable":true,"href":"https:\/\/indie.rent\/catalogue\/wp-json\/wp\/v2\/media\/4001"}],"wp:attachment":[{"href":"https:\/\/indie.rent\/catalogue\/wp-json\/wp\/v2\/media?parent=3697"}],"wp:term":[{"taxonomy":"product_brand","embeddable":true,"href":"https:\/\/indie.rent\/catalogue\/wp-json\/wp\/v2\/product_brand?post=3697"},{"taxonomy":"product_cat","embeddable":true,"href":"https:\/\/indie.rent\/catalogue\/wp-json\/wp\/v2\/product_cat?post=3697"},{"taxonomy":"product_tag","embeddable":true,"href":"https:\/\/indie.rent\/catalogue\/wp-json\/wp\/v2\/product_tag?post=3697"}],"curies":[{"name":"wp","href":"https:\/\/api.w.org\/{rel}","templated":true}]}}