{"id":368,"date":"2025-01-08T17:32:44","date_gmt":"2025-01-08T16:32:44","guid":{"rendered":"https:\/\/indie.rent\/catalogue\/produit\/optique-canon-cine-prime-cne-135mm-t2-2\/"},"modified":"2026-04-04T00:13:36","modified_gmt":"2026-04-03T22:13:36","slug":"optique-canon-prime-cn-e-135mm-t2-2-o114","status":"publish","type":"product","link":"https:\/\/indie.rent\/catalogue\/produit\/optique-canon-prime-cn-e-135mm-t2-2-o114\/","title":{"rendered":"Optique Canon Prime CN-E 135mm T2.2 \u00d8114"},"content":{"rendered":"<p>CNE Canon seul : 135mm T2.2<\/p>\n<p>Les CN-E int\u00e8grent la grande qualit\u00e9 optique. Leur bague de point d\u00e9multipli\u00e9 permet aux assistants cam\u00e9ra de faire le point avec beaucoup plus de pr\u00e9cision.<br \/>Elles poss\u00e8dent une bague de diaph externe donnant ainsi la possibilit\u00e9 aux chefs-op\u00e9rateurs d\u2019ajuster leur exposition avec douceur, m\u00eame pendant les prises.<\/p>\n<p>Dot\u00e9s d&#8217;une Monture EF, ils peuvent couvrir l\u2019int\u00e9gralit\u00e9 du format 24&#215;36, les rendant utilisables avec la quasi totalit\u00e9 des grands capteurs num\u00e9riques. Cette large couverture combin\u00e9e \u00e0 leur monture EF en font \u00e9galement des objectifs parfaitement indiqu\u00e9s pour une utilisation avec les DSLR plein format, tout en les utilisant et en les accessoirisant comme sur une cam\u00e9ra professionnelle \u00e0 monture PL.<\/p>\n<p>La grande ouverture garantit une vitesse exceptionnelle lors de prises de vues en basse lumi\u00e8re. Elle permet \u00e9galement un contr\u00f4le cr\u00e9atif pr\u00e9cis sur la profondeur de champ.<\/p>\n<p>Marquage en Pieds.<\/p>\n","protected":false},"excerpt":{"rendered":"<p>CNE Canon seul : 135mm T2.2 Les CN-E int\u00e8grent la grande qualit\u00e9 optique. Leur bague de point d\u00e9multipli\u00e9 permet aux assistants cam\u00e9ra de faire le point avec beaucoup plus de pr\u00e9cision.Elles poss\u00e8dent une bague de diaph externe donnant ainsi la possibilit\u00e9 aux chefs-op\u00e9rateurs d\u2019ajuster leur exposition avec douceur, m\u00eame pendant les prises. Dot\u00e9s d&#8217;une Monture [&hellip;]<\/p>\n","protected":false},"featured_media":1919,"template":"","meta":{"inline_featured_image":false},"product_brand":[],"product_cat":[1930],"product_tag":[],"class_list":{"0":"post-368","1":"product","2":"type-product","3":"status-publish","4":"has-post-thumbnail","6":"product_cat-optique-cine-ef","8":"first","9":"instock","10":"taxable","11":"shipping-taxable","12":"purchasable","13":"product-type-rentable"},"acf":[],"_links":{"self":[{"href":"https:\/\/indie.rent\/catalogue\/wp-json\/wp\/v2\/product\/368","targetHints":{"allow":["GET"]}}],"collection":[{"href":"https:\/\/indie.rent\/catalogue\/wp-json\/wp\/v2\/product"}],"about":[{"href":"https:\/\/indie.rent\/catalogue\/wp-json\/wp\/v2\/types\/product"}],"version-history":[{"count":3,"href":"https:\/\/indie.rent\/catalogue\/wp-json\/wp\/v2\/product\/368\/revisions"}],"predecessor-version":[{"id":6622,"href":"https:\/\/indie.rent\/catalogue\/wp-json\/wp\/v2\/product\/368\/revisions\/6622"}],"wp:featuredmedia":[{"embeddable":true,"href":"https:\/\/indie.rent\/catalogue\/wp-json\/wp\/v2\/media\/1919"}],"wp:attachment":[{"href":"https:\/\/indie.rent\/catalogue\/wp-json\/wp\/v2\/media?parent=368"}],"wp:term":[{"taxonomy":"product_brand","embeddable":true,"href":"https:\/\/indie.rent\/catalogue\/wp-json\/wp\/v2\/product_brand?post=368"},{"taxonomy":"product_cat","embeddable":true,"href":"https:\/\/indie.rent\/catalogue\/wp-json\/wp\/v2\/product_cat?post=368"},{"taxonomy":"product_tag","embeddable":true,"href":"https:\/\/indie.rent\/catalogue\/wp-json\/wp\/v2\/product_tag?post=368"}],"curies":[{"name":"wp","href":"https:\/\/api.w.org\/{rel}","templated":true}]}}