{"id":358,"date":"2025-01-08T17:32:40","date_gmt":"2025-01-08T16:32:40","guid":{"rendered":"https:\/\/indie.rent\/catalogue\/produit\/option-4-nacelle-powertower\/"},"modified":"2026-04-05T00:16:23","modified_gmt":"2026-04-04T22:16:23","slug":"option-4-nacelle-powertower","status":"publish","type":"product","link":"https:\/\/indie.rent\/catalogue\/produit\/option-4-nacelle-powertower\/","title":{"rendered":"Option 4 &#8211; Nacelle Powertower"},"content":{"rendered":"<p>Mieux qu\u2019une tour d\u2019\u00e9chafaudage, le Power Tower est une v\u00e9ritable plateforme de travail.<br \/>Bien qu&#8217;ayant des dimensions hors tout tr\u00e8s r\u00e9duites, le POWER TOWER offre une plate-forme de 1,50 m x 0,65 m, qui vous permet de travailler jusqu&#8217;\u00e0 5,10 m.<br \/>Le POWER TOWER, offre une s\u00e9curit\u00e9 maximum au sol d\u00e8s que vous vous \u00e9levez, les roues se bloquent automatiquement.<\/p>\n<p>Le POWER TOWER, c&#8217;est la solution d&#8217;acc\u00e8s en hauteur, \u00e0 la fois rentable et \u00e9conomique<\/p>\n<p>&#8211; Hauteur de travail : 5,10 m<br \/>&#8211; 250 kg de charge utile<br \/>&#8211; Peut-\u00eatre introduit dans une pi\u00e8ce par n&#8217;importe quelle porte standard, ses dimensions hors-tout \u00e9tant de 780 mm x 1500 mm<br \/>&#8211; Roues Heavy Duty \u00e9quip\u00e9es du syst\u00e8me &#8220;autolock&#8221; pour un maximum de s\u00e9curit\u00e9<\/p>\n<p>&#8211; Alimentation : 12 V DC &#8211;  batterie avec chargeur automatique 110 V \/ 220 V<br \/>&#8211; Poste de commande : simple commande par bouton-poussoir au sol ainsi que dans la nacelle.<br \/>&#8211; Construction : superstructure en acier \u00e0 haute limite \u00e9lastique, axes en acier inox, finition peinture par projection \u00e9lectrolytique<br \/>&#8211; S\u00e9curit\u00e9 : syst\u00e8me &#8220;autolock&#8221; des roues &#8211; Marquage C.E. en parfaite conformit\u00e9 avec la norme EN 280 et aux directives europ\u00e9ennes correspondantes.<\/p>\n<p>Le travail en hauteur est dangereux, respecter les consignes de s\u00e9curit\u00e9 d\u00e9crites dans la fiche conseil. Il est fortement conseill\u00e9 d&#8217;\u00eatre titulaire du CACES, d&#8217;\u00eatre habilit\u00e9 et autoris\u00e9 \u00e0 utiliser cette machine. N&#8217;oubliez pas d&#8217;enfiler le harnais anti chute pour la s\u00e9curit\u00e9 de l&#8217;op\u00e9rateur et placer des c\u00f4nes de chantier pour le balisage obligatoire de la zone de travail.<\/p>\n","protected":false},"excerpt":{"rendered":"<p>Mieux qu\u2019une tour d\u2019\u00e9chafaudage, le Power Tower est une v\u00e9ritable plateforme de travail.Bien qu&#8217;ayant des dimensions hors tout tr\u00e8s r\u00e9duites, le POWER TOWER offre une plate-forme de 1,50 m x 0,65 m, qui vous permet de travailler jusqu&#8217;\u00e0 5,10 m.Le POWER TOWER, offre une s\u00e9curit\u00e9 maximum au sol d\u00e8s que vous vous \u00e9levez, les roues [&hellip;]<\/p>\n","protected":false},"featured_media":3343,"template":"","meta":{"inline_featured_image":false},"product_brand":[],"product_cat":[1901],"product_tag":[],"class_list":{"0":"post-358","1":"product","2":"type-product","3":"status-publish","4":"has-post-thumbnail","6":"product_cat-studio-36","8":"first","9":"instock","10":"taxable","11":"shipping-taxable","12":"purchasable","13":"product-type-rentable"},"acf":[],"_links":{"self":[{"href":"https:\/\/indie.rent\/catalogue\/wp-json\/wp\/v2\/product\/358","targetHints":{"allow":["GET"]}}],"collection":[{"href":"https:\/\/indie.rent\/catalogue\/wp-json\/wp\/v2\/product"}],"about":[{"href":"https:\/\/indie.rent\/catalogue\/wp-json\/wp\/v2\/types\/product"}],"version-history":[{"count":0,"href":"https:\/\/indie.rent\/catalogue\/wp-json\/wp\/v2\/product\/358\/revisions"}],"wp:featuredmedia":[{"embeddable":true,"href":"https:\/\/indie.rent\/catalogue\/wp-json\/wp\/v2\/media\/3343"}],"wp:attachment":[{"href":"https:\/\/indie.rent\/catalogue\/wp-json\/wp\/v2\/media?parent=358"}],"wp:term":[{"taxonomy":"product_brand","embeddable":true,"href":"https:\/\/indie.rent\/catalogue\/wp-json\/wp\/v2\/product_brand?post=358"},{"taxonomy":"product_cat","embeddable":true,"href":"https:\/\/indie.rent\/catalogue\/wp-json\/wp\/v2\/product_cat?post=358"},{"taxonomy":"product_tag","embeddable":true,"href":"https:\/\/indie.rent\/catalogue\/wp-json\/wp\/v2\/product_tag?post=358"}],"curies":[{"name":"wp","href":"https:\/\/api.w.org\/{rel}","templated":true}]}}