{"id":350,"date":"2025-01-08T17:32:38","date_gmt":"2025-01-08T16:32:38","guid":{"rendered":"https:\/\/indie.rent\/catalogue\/produit\/drone-mavic-mini\/"},"modified":"2026-04-13T18:32:57","modified_gmt":"2026-04-13T16:32:57","slug":"drone-dji-mavic-mini","status":"publish","type":"product","link":"https:\/\/indie.rent\/catalogue\/produit\/drone-dji-mavic-mini\/","title":{"rendered":"Drone DJI Mavic Mini"},"content":{"rendered":"<p>Compact et puissant, le Mavic Mini est le compagnon de cr\u00e9ation parfait qui immortalise vos moments en toute facilit\u00e9 et vous garantit des images de qualit\u00e9 exceptionnelle. Gr\u00e2ce \u00e0 l\u2019application DJI Fly, qui est remarquablement conviviale, vous profiterez d\u2019une exp\u00e9rience de vol tr\u00e8s agr\u00e9able et d\u2019une perspective unique.<\/p>\n<p>Principales caract\u00e9ristiques :<br \/>&#8211; Poids: 249 g Ultral\u00e9ger,<br \/>&#8211; Dur\u00e9e de vol max. 30 min,<br \/>&#8211; Transmission vid\u00e9o HD sur 2 km,<br \/>&#8211; Cam\u00e9ra 2,7K \u00e0 nacelle 3 axes.<\/p>\n","protected":false},"excerpt":{"rendered":"<p>Compact et puissant, le Mavic Mini est le compagnon de cr\u00e9ation parfait qui immortalise vos moments en toute facilit\u00e9 et vous garantit des images de qualit\u00e9 exceptionnelle. Gr\u00e2ce \u00e0 l\u2019application DJI Fly, qui est remarquablement conviviale, vous profiterez d\u2019une exp\u00e9rience de vol tr\u00e8s agr\u00e9able et d\u2019une perspective unique. Principales caract\u00e9ristiques :&#8211; Poids: 249 g Ultral\u00e9ger,&#8211; [&hellip;]<\/p>\n","protected":false},"featured_media":2180,"template":"","meta":{"inline_featured_image":false},"product_brand":[],"product_cat":[1917],"product_tag":[],"class_list":{"0":"post-350","1":"product","2":"type-product","3":"status-publish","4":"has-post-thumbnail","6":"product_cat-camera-action","8":"first","9":"instock","10":"taxable","11":"shipping-taxable","12":"purchasable","13":"product-type-rentable"},"acf":[],"_links":{"self":[{"href":"https:\/\/indie.rent\/catalogue\/wp-json\/wp\/v2\/product\/350","targetHints":{"allow":["GET"]}}],"collection":[{"href":"https:\/\/indie.rent\/catalogue\/wp-json\/wp\/v2\/product"}],"about":[{"href":"https:\/\/indie.rent\/catalogue\/wp-json\/wp\/v2\/types\/product"}],"version-history":[{"count":0,"href":"https:\/\/indie.rent\/catalogue\/wp-json\/wp\/v2\/product\/350\/revisions"}],"wp:featuredmedia":[{"embeddable":true,"href":"https:\/\/indie.rent\/catalogue\/wp-json\/wp\/v2\/media\/2180"}],"wp:attachment":[{"href":"https:\/\/indie.rent\/catalogue\/wp-json\/wp\/v2\/media?parent=350"}],"wp:term":[{"taxonomy":"product_brand","embeddable":true,"href":"https:\/\/indie.rent\/catalogue\/wp-json\/wp\/v2\/product_brand?post=350"},{"taxonomy":"product_cat","embeddable":true,"href":"https:\/\/indie.rent\/catalogue\/wp-json\/wp\/v2\/product_cat?post=350"},{"taxonomy":"product_tag","embeddable":true,"href":"https:\/\/indie.rent\/catalogue\/wp-json\/wp\/v2\/product_tag?post=350"}],"curies":[{"name":"wp","href":"https:\/\/api.w.org\/{rel}","templated":true}]}}