{"id":346,"date":"2025-01-08T17:32:37","date_gmt":"2025-01-08T16:32:37","guid":{"rendered":"https:\/\/indie.rent\/catalogue\/produit\/objectif-sigma-50-100mm-f1-8-ef\/"},"modified":"2026-04-04T00:14:12","modified_gmt":"2026-04-03T22:14:12","slug":"objectif-sigma-50-100mm-f1-8-ef-o82","status":"publish","type":"product","link":"https:\/\/indie.rent\/catalogue\/produit\/objectif-sigma-50-100mm-f1-8-ef-o82\/","title":{"rendered":"Objectif Sigma 50-100mm F1.8 &#8211; EF \u00d882"},"content":{"rendered":"<p>D\u00e9couvrez ce t\u00e9l\u00e9zoom qui vous sera indispensable pour effectuer des portraits exceptionnels avec une lumi\u00e8re tr\u00e8s bien \u00e9quilibr\u00e9e. Profitez d&#8217;un t\u00e9l\u00e9zoom moyenne puissance et grand diam\u00e8tre qui couvre les focales 85mm F1.8, 105mm F1.8 et 135 mm F1.8 (en \u00e9quivalence 24&#215;36) tout \u00e7a avec une mise au point HSM. Non content de changer la donne, cet objectif est id\u00e9al pour les portraits auxquels il apporte de beaux effets de bokeh, et \u00e9tablit un nouveau standard de qualit\u00e9.<\/p>\n<p>Caract\u00e9ristiques principales : <br \/>&#8211; Formule optique : 21 lentilles en 15 groupes,<br \/>&#8211; Diam\u00e8tre de filtre : 82 mm,<br \/>&#8211; Poids : 1.490 kg.<\/p>\n","protected":false},"excerpt":{"rendered":"<p>D\u00e9couvrez ce t\u00e9l\u00e9zoom qui vous sera indispensable pour effectuer des portraits exceptionnels avec une lumi\u00e8re tr\u00e8s bien \u00e9quilibr\u00e9e. Profitez d&#8217;un t\u00e9l\u00e9zoom moyenne puissance et grand diam\u00e8tre qui couvre les focales 85mm F1.8, 105mm F1.8 et 135 mm F1.8 (en \u00e9quivalence 24&#215;36) tout \u00e7a avec une mise au point HSM. Non content de changer la donne, [&hellip;]<\/p>\n","protected":false},"featured_media":2065,"template":"","meta":{"inline_featured_image":false},"product_brand":[],"product_cat":[1929],"product_tag":[],"class_list":{"0":"post-346","1":"product","2":"type-product","3":"status-publish","4":"has-post-thumbnail","6":"product_cat-objectif-photo-ef","8":"first","9":"instock","10":"taxable","11":"shipping-taxable","12":"purchasable","13":"product-type-rentable"},"acf":[],"_links":{"self":[{"href":"https:\/\/indie.rent\/catalogue\/wp-json\/wp\/v2\/product\/346","targetHints":{"allow":["GET"]}}],"collection":[{"href":"https:\/\/indie.rent\/catalogue\/wp-json\/wp\/v2\/product"}],"about":[{"href":"https:\/\/indie.rent\/catalogue\/wp-json\/wp\/v2\/types\/product"}],"version-history":[{"count":2,"href":"https:\/\/indie.rent\/catalogue\/wp-json\/wp\/v2\/product\/346\/revisions"}],"predecessor-version":[{"id":5446,"href":"https:\/\/indie.rent\/catalogue\/wp-json\/wp\/v2\/product\/346\/revisions\/5446"}],"wp:featuredmedia":[{"embeddable":true,"href":"https:\/\/indie.rent\/catalogue\/wp-json\/wp\/v2\/media\/2065"}],"wp:attachment":[{"href":"https:\/\/indie.rent\/catalogue\/wp-json\/wp\/v2\/media?parent=346"}],"wp:term":[{"taxonomy":"product_brand","embeddable":true,"href":"https:\/\/indie.rent\/catalogue\/wp-json\/wp\/v2\/product_brand?post=346"},{"taxonomy":"product_cat","embeddable":true,"href":"https:\/\/indie.rent\/catalogue\/wp-json\/wp\/v2\/product_cat?post=346"},{"taxonomy":"product_tag","embeddable":true,"href":"https:\/\/indie.rent\/catalogue\/wp-json\/wp\/v2\/product_tag?post=346"}],"curies":[{"name":"wp","href":"https:\/\/api.w.org\/{rel}","templated":true}]}}