{"id":321,"date":"2025-01-08T17:32:32","date_gmt":"2025-01-08T16:32:32","guid":{"rendered":"https:\/\/indie.rent\/catalogue\/produit\/filtre-nisi-nd-variable-0-3-1-5-circulaire-o-82mm\/"},"modified":"2026-04-15T18:07:58","modified_gmt":"2026-04-15T16:07:58","slug":"filtre-nisi-nd-variable-0-3-1-5-circulaire-o-82mm","status":"publish","type":"product","link":"https:\/\/indie.rent\/catalogue\/produit\/filtre-nisi-nd-variable-0-3-1-5-circulaire-o-82mm\/","title":{"rendered":"Filtre NISI ND Variable 0.3 > 1.5 \u2013 Circulaire \u00d8 82mm"},"content":{"rendered":"<p>Le filtre circulaire Nisi ND variable permet de r\u00e9duire l\u2019exposition de 1 \u00e0 5 stops pour un contr\u00f4le pr\u00e9cis de la lumi\u00e8re.<\/p>\n<p>La densit\u00e9 s\u2019ajuste facilement gr\u00e2ce \u00e0 une molette ergonomique, offrant une transition fluide et sans \u00e0 coups.<\/p>\n<p>Id\u00e9al en photo comme en vid\u00e9o, il permet de conserver de grandes ouvertures, d\u2019ajuster la profondeur de champ et de maintenir la fr\u00e9quence d\u2019images souhait\u00e9e, notamment sur les cam\u00e9ras cin\u00e9ma.<\/p>\n","protected":false},"excerpt":{"rendered":"<p>Le filtre circulaire Nisi ND variable permet de r\u00e9duire l\u2019exposition de 1 \u00e0 5 stops pour un contr\u00f4le pr\u00e9cis de la lumi\u00e8re. La densit\u00e9 s\u2019ajuste facilement gr\u00e2ce \u00e0 une molette ergonomique, offrant une transition fluide et sans \u00e0 coups. Id\u00e9al en photo comme en vid\u00e9o, il permet de conserver de grandes ouvertures, d\u2019ajuster la profondeur [&hellip;]<\/p>\n","protected":false},"featured_media":3378,"template":"","meta":{"inline_featured_image":false},"product_brand":[],"product_cat":[1943],"product_tag":[],"class_list":{"0":"post-321","1":"product","2":"type-product","3":"status-publish","4":"has-post-thumbnail","6":"product_cat-filtres-circulaires","8":"first","9":"instock","10":"taxable","11":"shipping-taxable","12":"purchasable","13":"product-type-rentable"},"acf":[],"_links":{"self":[{"href":"https:\/\/indie.rent\/catalogue\/wp-json\/wp\/v2\/product\/321","targetHints":{"allow":["GET"]}}],"collection":[{"href":"https:\/\/indie.rent\/catalogue\/wp-json\/wp\/v2\/product"}],"about":[{"href":"https:\/\/indie.rent\/catalogue\/wp-json\/wp\/v2\/types\/product"}],"version-history":[{"count":0,"href":"https:\/\/indie.rent\/catalogue\/wp-json\/wp\/v2\/product\/321\/revisions"}],"wp:featuredmedia":[{"embeddable":true,"href":"https:\/\/indie.rent\/catalogue\/wp-json\/wp\/v2\/media\/3378"}],"wp:attachment":[{"href":"https:\/\/indie.rent\/catalogue\/wp-json\/wp\/v2\/media?parent=321"}],"wp:term":[{"taxonomy":"product_brand","embeddable":true,"href":"https:\/\/indie.rent\/catalogue\/wp-json\/wp\/v2\/product_brand?post=321"},{"taxonomy":"product_cat","embeddable":true,"href":"https:\/\/indie.rent\/catalogue\/wp-json\/wp\/v2\/product_cat?post=321"},{"taxonomy":"product_tag","embeddable":true,"href":"https:\/\/indie.rent\/catalogue\/wp-json\/wp\/v2\/product_tag?post=321"}],"curies":[{"name":"wp","href":"https:\/\/api.w.org\/{rel}","templated":true}]}}