{"id":319,"date":"2025-01-08T17:32:32","date_gmt":"2025-01-08T16:32:32","guid":{"rendered":"https:\/\/indie.rent\/catalogue\/produit\/filtre-tiffen-nd-variable-circulaire-o-77mm\/"},"modified":"2026-04-15T18:08:13","modified_gmt":"2026-04-15T16:08:13","slug":"filtre-tiffen-nd-variable-circulaire-o-77mm","status":"publish","type":"product","link":"https:\/\/indie.rent\/catalogue\/produit\/filtre-tiffen-nd-variable-circulaire-o-77mm\/","title":{"rendered":"Filtre Tiffen ND Variable \u2013 Circulaire \u00d8 77mm"},"content":{"rendered":"<p>Le filtre Tiffen Variable ND est un accessoire unique, polyvalent et adaptable \u00e0 votre appareil photo. Il vous rassemble la fonctionnalit\u00e9 de plusieurs filtres ND en un seul exemplaire<\/p>\n<p>Le filtre \u00e0 densit\u00e9 neutre r\u00e9duit la quantit\u00e9 de lumi\u00e8re \u00e0 travers l&#8217;objectif sans changer la teinte. Ce filtre est particuli\u00e8rement utile \u00e0 certains moments lorsque la lumi\u00e8re est forte, afin d&#8217;\u00e9viter la surexposition. Cela permet d&#8217;utiliser une plus grande ouverture, sans lui une surexposition serait \u00e0 craindre.<\/p>\n<p>\u00a0<\/p>\n","protected":false},"excerpt":{"rendered":"<p>Le filtre Tiffen Variable ND est un accessoire unique, polyvalent et adaptable \u00e0 votre appareil photo. Il vous rassemble la fonctionnalit\u00e9 de plusieurs filtres ND en un seul exemplaire Le filtre \u00e0 densit\u00e9 neutre r\u00e9duit la quantit\u00e9 de lumi\u00e8re \u00e0 travers l&#8217;objectif sans changer la teinte. Ce filtre est particuli\u00e8rement utile \u00e0 certains moments lorsque [&hellip;]<\/p>\n","protected":false},"featured_media":2660,"template":"","meta":{"inline_featured_image":false},"product_brand":[],"product_cat":[1943],"product_tag":[],"class_list":{"0":"post-319","1":"product","2":"type-product","3":"status-publish","4":"has-post-thumbnail","6":"product_cat-filtres-circulaires","8":"first","9":"instock","10":"taxable","11":"shipping-taxable","12":"purchasable","13":"product-type-rentable"},"acf":[],"_links":{"self":[{"href":"https:\/\/indie.rent\/catalogue\/wp-json\/wp\/v2\/product\/319","targetHints":{"allow":["GET"]}}],"collection":[{"href":"https:\/\/indie.rent\/catalogue\/wp-json\/wp\/v2\/product"}],"about":[{"href":"https:\/\/indie.rent\/catalogue\/wp-json\/wp\/v2\/types\/product"}],"version-history":[{"count":0,"href":"https:\/\/indie.rent\/catalogue\/wp-json\/wp\/v2\/product\/319\/revisions"}],"wp:featuredmedia":[{"embeddable":true,"href":"https:\/\/indie.rent\/catalogue\/wp-json\/wp\/v2\/media\/2660"}],"wp:attachment":[{"href":"https:\/\/indie.rent\/catalogue\/wp-json\/wp\/v2\/media?parent=319"}],"wp:term":[{"taxonomy":"product_brand","embeddable":true,"href":"https:\/\/indie.rent\/catalogue\/wp-json\/wp\/v2\/product_brand?post=319"},{"taxonomy":"product_cat","embeddable":true,"href":"https:\/\/indie.rent\/catalogue\/wp-json\/wp\/v2\/product_cat?post=319"},{"taxonomy":"product_tag","embeddable":true,"href":"https:\/\/indie.rent\/catalogue\/wp-json\/wp\/v2\/product_tag?post=319"}],"curies":[{"name":"wp","href":"https:\/\/api.w.org\/{rel}","templated":true}]}}