{"id":313,"date":"2025-01-08T17:32:31","date_gmt":"2025-01-08T16:32:31","guid":{"rendered":"https:\/\/indie.rent\/catalogue\/produit\/filtre-hoya-nd-variable-circulaire-o-77mm\/"},"modified":"2026-04-14T16:23:52","modified_gmt":"2026-04-14T14:23:52","slug":"filtre-hoya-nd-variable-circulaire-o-77mm","status":"publish","type":"product","link":"https:\/\/indie.rent\/catalogue\/produit\/filtre-hoya-nd-variable-circulaire-o-77mm\/","title":{"rendered":"Filtre Hoya ND Variable Circulaire \u00d8 77mm"},"content":{"rendered":"<p>Hoya VND77 Filtre pour objectif VARI-ND 77 mm<\/p>\n<p>Le filtre \u00e0 densit\u00e9 variable Hoya est compos\u00e9 de 2 filtres un fixe et tournant qui permet par sa rotation de quantifier la quantit\u00e9 de lumi\u00e8re passant \u00e0 travers le filtre et par cons\u00e9quent \u00e0 travers l\u2019objectif. Ce filtre est construit en verre optique pour maintenir la clart\u00e9 de l&#8217;image et est usin\u00e9 en aluminium, r\u00e9duisant efficacement le vignettage. La densit\u00e9 de 0,45 \u00e0 2,7 cr\u00e9e un assombrissement de l&#8217;ensemble de l&#8217;image, vous autorisant une ouverture plus grande ou une obturation plus lente. Le degr\u00e9 de densit\u00e9 est contr\u00f4l\u00e9 en tournant la bague du filtre avant.<\/p>\n","protected":false},"excerpt":{"rendered":"<p>Hoya VND77 Filtre pour objectif VARI-ND 77 mm Le filtre \u00e0 densit\u00e9 variable Hoya est compos\u00e9 de 2 filtres un fixe et tournant qui permet par sa rotation de quantifier la quantit\u00e9 de lumi\u00e8re passant \u00e0 travers le filtre et par cons\u00e9quent \u00e0 travers l\u2019objectif. Ce filtre est construit en verre optique pour maintenir la [&hellip;]<\/p>\n","protected":false},"featured_media":2019,"template":"","meta":{"inline_featured_image":false},"product_brand":[],"product_cat":[1943],"product_tag":[],"class_list":{"0":"post-313","1":"product","2":"type-product","3":"status-publish","4":"has-post-thumbnail","6":"product_cat-filtres-circulaires","8":"first","9":"instock","10":"taxable","11":"shipping-taxable","12":"purchasable","13":"product-type-rentable"},"acf":[],"_links":{"self":[{"href":"https:\/\/indie.rent\/catalogue\/wp-json\/wp\/v2\/product\/313","targetHints":{"allow":["GET"]}}],"collection":[{"href":"https:\/\/indie.rent\/catalogue\/wp-json\/wp\/v2\/product"}],"about":[{"href":"https:\/\/indie.rent\/catalogue\/wp-json\/wp\/v2\/types\/product"}],"version-history":[{"count":0,"href":"https:\/\/indie.rent\/catalogue\/wp-json\/wp\/v2\/product\/313\/revisions"}],"wp:featuredmedia":[{"embeddable":true,"href":"https:\/\/indie.rent\/catalogue\/wp-json\/wp\/v2\/media\/2019"}],"wp:attachment":[{"href":"https:\/\/indie.rent\/catalogue\/wp-json\/wp\/v2\/media?parent=313"}],"wp:term":[{"taxonomy":"product_brand","embeddable":true,"href":"https:\/\/indie.rent\/catalogue\/wp-json\/wp\/v2\/product_brand?post=313"},{"taxonomy":"product_cat","embeddable":true,"href":"https:\/\/indie.rent\/catalogue\/wp-json\/wp\/v2\/product_cat?post=313"},{"taxonomy":"product_tag","embeddable":true,"href":"https:\/\/indie.rent\/catalogue\/wp-json\/wp\/v2\/product_tag?post=313"}],"curies":[{"name":"wp","href":"https:\/\/api.w.org\/{rel}","templated":true}]}}