{"id":311,"date":"2025-01-08T17:32:30","date_gmt":"2025-01-08T16:32:30","guid":{"rendered":"https:\/\/indie.rent\/catalogue\/produit\/filtre-schneider-true-streak-clear-1mm-4x5-65\/"},"modified":"2026-04-14T16:51:58","modified_gmt":"2026-04-14T14:51:58","slug":"filtre-schneider-true-streak-clear-1mm-4x5-65","status":"publish","type":"product","link":"https:\/\/indie.rent\/catalogue\/produit\/filtre-schneider-true-streak-clear-1mm-4x5-65\/","title":{"rendered":"Filtre Schneider True-Streak Clear 1mm 4&#215;5.65&#8243;"},"content":{"rendered":"<p>Filtre Schneider True-Streak Clear 1mm en format 4&#215;5.65&#8243;<\/p>\n<p>Le filtre Schneider True-Streak Clear 1mm est con\u00e7u pour \u00eatre utilis\u00e9 perpendiculairement \u00e0 une source de lumi\u00e8re ponctuelle telle que le soleil, une ampoule ou une bougie.<\/p>\n<p>Le verre du filtre contient une combinaison de lignes fines dont l&#8217;action produit: <br \/>&#8211; Un effet de strie provenant d&#8217;une source lumineuse ponctuelle.<br \/>&#8211; Une simulation des flares anamorphiques sous forme de stries sym\u00e9triques et allong\u00e9es.<br \/>&#8211; Des tra\u00een\u00e9es horizontales, claires et incolores.<\/p>\n","protected":false},"excerpt":{"rendered":"<p>Filtre Schneider True-Streak Clear 1mm en format 4&#215;5.65&#8243; Le filtre Schneider True-Streak Clear 1mm est con\u00e7u pour \u00eatre utilis\u00e9 perpendiculairement \u00e0 une source de lumi\u00e8re ponctuelle telle que le soleil, une ampoule ou une bougie. Le verre du filtre contient une combinaison de lignes fines dont l&#8217;action produit: &#8211; Un effet de strie provenant d&#8217;une [&hellip;]<\/p>\n","protected":false},"featured_media":2035,"template":"","meta":{"inline_featured_image":false},"product_brand":[],"product_cat":[1938],"product_tag":[],"class_list":{"0":"post-311","1":"product","2":"type-product","3":"status-publish","4":"has-post-thumbnail","6":"product_cat-filtres-4x5-6-effets","8":"first","9":"instock","10":"taxable","11":"shipping-taxable","12":"purchasable","13":"product-type-rentable"},"acf":[],"_links":{"self":[{"href":"https:\/\/indie.rent\/catalogue\/wp-json\/wp\/v2\/product\/311","targetHints":{"allow":["GET"]}}],"collection":[{"href":"https:\/\/indie.rent\/catalogue\/wp-json\/wp\/v2\/product"}],"about":[{"href":"https:\/\/indie.rent\/catalogue\/wp-json\/wp\/v2\/types\/product"}],"version-history":[{"count":0,"href":"https:\/\/indie.rent\/catalogue\/wp-json\/wp\/v2\/product\/311\/revisions"}],"wp:featuredmedia":[{"embeddable":true,"href":"https:\/\/indie.rent\/catalogue\/wp-json\/wp\/v2\/media\/2035"}],"wp:attachment":[{"href":"https:\/\/indie.rent\/catalogue\/wp-json\/wp\/v2\/media?parent=311"}],"wp:term":[{"taxonomy":"product_brand","embeddable":true,"href":"https:\/\/indie.rent\/catalogue\/wp-json\/wp\/v2\/product_brand?post=311"},{"taxonomy":"product_cat","embeddable":true,"href":"https:\/\/indie.rent\/catalogue\/wp-json\/wp\/v2\/product_cat?post=311"},{"taxonomy":"product_tag","embeddable":true,"href":"https:\/\/indie.rent\/catalogue\/wp-json\/wp\/v2\/product_tag?post=311"}],"curies":[{"name":"wp","href":"https:\/\/api.w.org\/{rel}","templated":true}]}}