{"id":305,"date":"2025-01-08T17:32:30","date_gmt":"2025-01-08T16:32:30","guid":{"rendered":"https:\/\/indie.rent\/catalogue\/produit\/filtre-lindsey-optique-polaframe-6-6x6-6\/"},"modified":"2026-04-16T18:16:33","modified_gmt":"2026-04-16T16:16:33","slug":"filtre-lindsey-optique-polaframe-6-6x6-6","status":"publish","type":"product","link":"https:\/\/indie.rent\/catalogue\/produit\/filtre-lindsey-optique-polaframe-6-6x6-6\/","title":{"rendered":"Filtre Lindsey Optique Polaframe 6.6&#215;6.6&#8243;"},"content":{"rendered":"<p>Le filtre circulaire Polaframe int\u00e9gre un polariseur offrant un traitement multicouche antireflet et une transmission\u00a0 de 38%, correspondant \u00e0 une perte de lumi\u00e8re d\u2019environ 1,5 diaphragme. Sa large ouverture assure une compatibilit\u00e9 optimale avec les objectifs grand angle et le zooms haut de gamme.<\/p>\n<p>Le syst\u00e8me de rotation \u00e0 engrenage permet un r\u00e9glage pr\u00e9cis, soit manuellement via les molettes crant\u00e9es soit par motorisation gr\u00e2ce aux engrenages standard 0.8 compatibles avec les syst\u00e8mes de commande \u00e0 distance. La m\u00e9canique interne en aluminium garantit une rotation fluide, stable et sans glissement, id\u00e9ale pour les tournages professionnels.<\/p>\n","protected":false},"excerpt":{"rendered":"<p>Le filtre circulaire Polaframe int\u00e9gre un polariseur offrant un traitement multicouche antireflet et une transmission\u00a0 de 38%, correspondant \u00e0 une perte de lumi\u00e8re d\u2019environ 1,5 diaphragme. Sa large ouverture assure une compatibilit\u00e9 optimale avec les objectifs grand angle et le zooms haut de gamme. Le syst\u00e8me de rotation \u00e0 engrenage permet un r\u00e9glage pr\u00e9cis, soit [&hellip;]<\/p>\n","protected":false},"featured_media":6223,"template":"","meta":{"inline_featured_image":false},"product_brand":[],"product_cat":[1940],"product_tag":[],"class_list":{"0":"post-305","1":"product","2":"type-product","3":"status-publish","4":"has-post-thumbnail","6":"product_cat-filtres-6x6-correction","8":"first","9":"instock","10":"taxable","11":"shipping-taxable","12":"purchasable","13":"product-type-rentable"},"acf":[],"_links":{"self":[{"href":"https:\/\/indie.rent\/catalogue\/wp-json\/wp\/v2\/product\/305","targetHints":{"allow":["GET"]}}],"collection":[{"href":"https:\/\/indie.rent\/catalogue\/wp-json\/wp\/v2\/product"}],"about":[{"href":"https:\/\/indie.rent\/catalogue\/wp-json\/wp\/v2\/types\/product"}],"version-history":[{"count":0,"href":"https:\/\/indie.rent\/catalogue\/wp-json\/wp\/v2\/product\/305\/revisions"}],"wp:featuredmedia":[{"embeddable":true,"href":"https:\/\/indie.rent\/catalogue\/wp-json\/wp\/v2\/media\/6223"}],"wp:attachment":[{"href":"https:\/\/indie.rent\/catalogue\/wp-json\/wp\/v2\/media?parent=305"}],"wp:term":[{"taxonomy":"product_brand","embeddable":true,"href":"https:\/\/indie.rent\/catalogue\/wp-json\/wp\/v2\/product_brand?post=305"},{"taxonomy":"product_cat","embeddable":true,"href":"https:\/\/indie.rent\/catalogue\/wp-json\/wp\/v2\/product_cat?post=305"},{"taxonomy":"product_tag","embeddable":true,"href":"https:\/\/indie.rent\/catalogue\/wp-json\/wp\/v2\/product_tag?post=305"}],"curies":[{"name":"wp","href":"https:\/\/api.w.org\/{rel}","templated":true}]}}