{"id":212,"date":"2024-12-10T21:36:51","date_gmt":"2024-12-10T20:36:51","guid":{"rendered":"https:\/\/indie.rent\/catalogue\/produit\/camera-arri-alexa-35\/"},"modified":"2026-04-15T18:06:10","modified_gmt":"2026-04-15T16:06:10","slug":"camera-arri-alexa-35","status":"publish","type":"product","link":"https:\/\/indie.rent\/catalogue\/produit\/camera-arri-alexa-35\/","title":{"rendered":"Cam\u00e9ra ARRI Alexa 35"},"content":{"rendered":"<p>L\u2019ALEXA 35 est la derni\u00e8re cam\u00e9ra n\u00e9e du fabricant Arri. Avec un nouveau capteur 4.6K Super 35 s\u2019appuyant sur l\u2019\u00e9volution de la famille ALEXA, offrant une plage dynamique \u00e9tendue, une gestion des textures semblable \u00e0 celle d\u2019une pellicule film, de meilleures performances en basse lumi\u00e8re et des couleurs plus riches.<\/p>\n<p>Principales caract\u00e9ristiques:<br \/>&#8211; Capteur: Format Super 35 ARRI ALEV 4 CMOS (27.99 x 19.22 mm &#8211; \u00d8 33.96 mm)<br \/>&#8211; Dynamique: 17 stops<br \/>&#8211; Monture de base: LPL (LBUS) \/ PL (adaptateur PL-to-LPL) \/ EF (LBUS) \/ Leitz M<br \/>&#8211; Autofocus: Non<br \/>&#8211; Filtres optiques int\u00e9gr\u00e9s: FSND motoris\u00e9s Clear, 0.6, 1.2, 1.8<br \/>&#8211; Sensibilit\u00e9: EI 800 de base (Enhanced Sensitivity: 2560\u20136400)<br \/>&#8211; M\u00e9dias: 1x Slot Codex Compact Drive 1 TB \/ 2 TB<br \/>&#8211; R\u00e9solution d&#8217;enregistrement Max. : 4.6K 3:2 (4608 x 3164)<br \/>&#8211; Vitesse maximale d&#8217;enregistrement (images\/seconde): <br \/>60@4.6K 3:2 (ProRes) \/ 75@4.6K 3:2 (ARRIRAW)<br \/>120@4K 16:9 (ProRes &amp; ARRIRAW) <br \/>90@4K 2.39:1 (ProRes) \/ 120@4K 2.39:1 (ARRIRAW)<br \/>&#8211; Codec d&#8217;enregistrement interne: Apple ProRes 422 HQ, 4444, 4444 XQ (12-bit LogC4) \/ ARRIRAW 13-bit <br \/>&#8211; Formats Anamorphiques: 2x, 1.85x, 1.8x, 1.65x, 1.5x, 1.33x, 1.30x, 1.25x<br \/>&#8211; Sorties Vid\u00e9o: 2x BNC SDI (12G\/6G\/3G\/1.5G) \/ 2x CoaXPress VF<br \/>&#8211; Timecode: 1x LEMO 5p TC I\/O<br \/>&#8211; Audio: 1x LEMO 6p (entr\u00e9e\/sortie num\u00e9rique AES3, 2 canaux, +12 V pour accessoires)<br \/>&#8211; Entr\u00e9e DC: 1x LEMO 8p PWR 20.5\u201333.6 V \/ 1x Interface arri\u00e8re BAT (B-Mount)<br \/>&#8211; Sorties DC: 1x Fischer 3p RS 24 V \/ 1x LEMO 2p 12 V \/ LBUS 24 V <br \/>&#8211; Consommation: ~90 W (corps + MVF-2), 85\u2013135 W selon mode\/fps<br \/>&#8211; Autonomie avec une batterie B-Mount 290 Wh : \u2248 110 min<br \/>&#8211; Temp\u00e9rature de fonctionnement: \u221220 \u00b0C \u00e0 +45 \u00b0C<br \/>&#8211; Temp\u00e9rature de stockage: \u221230 \u00b0C \u00e0 +70 \u00b0C<br \/>&#8211; Poids: 2.9 Kg (corps cam\u00e9ra avec monture LPL)<\/p>\n","protected":false},"excerpt":{"rendered":"<p>L\u2019ALEXA 35 est la derni\u00e8re cam\u00e9ra n\u00e9e du fabricant Arri. Avec un nouveau capteur 4.6K Super 35 s\u2019appuyant sur l\u2019\u00e9volution de la famille ALEXA, offrant une plage dynamique \u00e9tendue, une gestion des textures semblable \u00e0 celle d\u2019une pellicule film, de meilleures performances en basse lumi\u00e8re et des couleurs plus riches. Principales caract\u00e9ristiques:&#8211; Capteur: Format Super [&hellip;]<\/p>\n","protected":false},"featured_media":2642,"template":"","meta":{"inline_featured_image":false},"product_brand":[],"product_cat":[1911],"product_tag":[2249],"class_list":{"0":"post-212","1":"product","2":"type-product","3":"status-publish","4":"has-post-thumbnail","6":"product_cat-camera-arri","7":"product_tag-pas-de-facture","9":"first","10":"instock","11":"taxable","12":"shipping-taxable","13":"purchasable","14":"product-type-rentable"},"acf":[],"_links":{"self":[{"href":"https:\/\/indie.rent\/catalogue\/wp-json\/wp\/v2\/product\/212","targetHints":{"allow":["GET"]}}],"collection":[{"href":"https:\/\/indie.rent\/catalogue\/wp-json\/wp\/v2\/product"}],"about":[{"href":"https:\/\/indie.rent\/catalogue\/wp-json\/wp\/v2\/types\/product"}],"version-history":[{"count":0,"href":"https:\/\/indie.rent\/catalogue\/wp-json\/wp\/v2\/product\/212\/revisions"}],"wp:featuredmedia":[{"embeddable":true,"href":"https:\/\/indie.rent\/catalogue\/wp-json\/wp\/v2\/media\/2642"}],"wp:attachment":[{"href":"https:\/\/indie.rent\/catalogue\/wp-json\/wp\/v2\/media?parent=212"}],"wp:term":[{"taxonomy":"product_brand","embeddable":true,"href":"https:\/\/indie.rent\/catalogue\/wp-json\/wp\/v2\/product_brand?post=212"},{"taxonomy":"product_cat","embeddable":true,"href":"https:\/\/indie.rent\/catalogue\/wp-json\/wp\/v2\/product_cat?post=212"},{"taxonomy":"product_tag","embeddable":true,"href":"https:\/\/indie.rent\/catalogue\/wp-json\/wp\/v2\/product_tag?post=212"}],"curies":[{"name":"wp","href":"https:\/\/api.w.org\/{rel}","templated":true}]}}