{"id":190,"date":"2024-12-10T21:36:40","date_gmt":"2024-12-10T20:36:40","guid":{"rendered":"https:\/\/indie.rent\/catalogue\/produit\/kit-astera-4-hydra-panel\/"},"modified":"2026-04-10T10:35:47","modified_gmt":"2026-04-10T08:35:47","slug":"minette-astera-kit-4-hydra-panel","status":"publish","type":"product","link":"https:\/\/indie.rent\/catalogue\/produit\/minette-astera-kit-4-hydra-panel\/","title":{"rendered":"Minette ASTERA Kit 4 Hydra Panel"},"content":{"rendered":"<p>Projecteur LED RGBMA compact et ultra polyvalent, le Astera Hydra Panel est con\u00e7u pour les configurations mobiles, les \u00e9clairages embarqu\u00e9s et les setups rapides.<\/p>\n<p>Gr\u00e2ce \u00e0 sa taille r\u00e9duite et ses accessoires optiques, il peut \u00eatre utilis\u00e9 comme soft light, faisceau dur ou effet lumineux pr\u00e9cis.<\/p>\n<p>Caract\u00e9ristiques principales :<\/p>\n<p>Source : LED RGBMA<br \/>Temp\u00e9rature de couleur : 1 750K \u2013 20 000K<br \/>CRI \/ TLCI : \u2265 96<br \/>Puissance : 25W<br \/>Alimentation : batterie int\u00e9gr\u00e9e<br \/>Autonomie de la batterie \u00e0 luminosit\u00e9 max : 1H45<br \/>Temps de charge (nominal) : 3H<br \/>Contr\u00f4le : DMX \/ CRMX \/ Bluetooth<br \/>Accessoires : filtres, lentilles, eggcrate, diffusion<br \/>\u00c9tanch\u00e9it\u00e9 : IP65<br \/>Dimensions : env. 166 \u00d7 85 \u00d7 43,5 mm<br \/>Poids : env. 0,6 kg<\/p>\n","protected":false},"excerpt":{"rendered":"<p>Projecteur LED RGBMA compact et ultra polyvalent, le Astera Hydra Panel est con\u00e7u pour les configurations mobiles, les \u00e9clairages embarqu\u00e9s et les setups rapides. Gr\u00e2ce \u00e0 sa taille r\u00e9duite et ses accessoires optiques, il peut \u00eatre utilis\u00e9 comme soft light, faisceau dur ou effet lumineux pr\u00e9cis. Caract\u00e9ristiques principales : Source : LED RGBMATemp\u00e9rature de couleur [&hellip;]<\/p>\n","protected":false},"featured_media":2582,"template":"","meta":{"inline_featured_image":false},"product_brand":[],"product_cat":[2010],"product_tag":[],"class_list":{"0":"post-190","1":"product","2":"type-product","3":"status-publish","4":"has-post-thumbnail","6":"product_cat-minette-led-couleur","8":"first","9":"instock","10":"taxable","11":"shipping-taxable","12":"purchasable","13":"product-type-rentable"},"acf":[],"_links":{"self":[{"href":"https:\/\/indie.rent\/catalogue\/wp-json\/wp\/v2\/product\/190","targetHints":{"allow":["GET"]}}],"collection":[{"href":"https:\/\/indie.rent\/catalogue\/wp-json\/wp\/v2\/product"}],"about":[{"href":"https:\/\/indie.rent\/catalogue\/wp-json\/wp\/v2\/types\/product"}],"version-history":[{"count":0,"href":"https:\/\/indie.rent\/catalogue\/wp-json\/wp\/v2\/product\/190\/revisions"}],"wp:featuredmedia":[{"embeddable":true,"href":"https:\/\/indie.rent\/catalogue\/wp-json\/wp\/v2\/media\/2582"}],"wp:attachment":[{"href":"https:\/\/indie.rent\/catalogue\/wp-json\/wp\/v2\/media?parent=190"}],"wp:term":[{"taxonomy":"product_brand","embeddable":true,"href":"https:\/\/indie.rent\/catalogue\/wp-json\/wp\/v2\/product_brand?post=190"},{"taxonomy":"product_cat","embeddable":true,"href":"https:\/\/indie.rent\/catalogue\/wp-json\/wp\/v2\/product_cat?post=190"},{"taxonomy":"product_tag","embeddable":true,"href":"https:\/\/indie.rent\/catalogue\/wp-json\/wp\/v2\/product_tag?post=190"}],"curies":[{"name":"wp","href":"https:\/\/api.w.org\/{rel}","templated":true}]}}