{"id":188,"date":"2024-12-10T21:36:40","date_gmt":"2024-12-10T20:36:40","guid":{"rendered":"https:\/\/indie.rent\/catalogue\/produit\/chercheur-de-champ-lindsey-optics\/"},"modified":"2026-04-16T18:15:55","modified_gmt":"2026-04-16T16:15:55","slug":"chercheur-de-champ-lindsey-optics","status":"publish","type":"product","link":"https:\/\/indie.rent\/catalogue\/produit\/chercheur-de-champ-lindsey-optics\/","title":{"rendered":"Chercheur de Champ Lindsey Optics"},"content":{"rendered":"<p>Le Chercheur de champ grand format Lindsey Optics permet une visualisation enti\u00e8rement optique \u00e0 travers l&#8217;objectif pour une gamme sans pr\u00e9c\u00e9dent de formats, y compris Super-35, Full Frame, Red Monstro 8K et ARRI Alexa 65.<\/p>\n<p>Ce chercheur de champ est dot\u00e9 de modules interchangeables permettant de changer de format rapidement et sans outil. Les modules disponibles comprennent le grand format (ARRI Alexa 65), le VistaVision (RED Monstro 8K), le Full Frame (Sony Venice) et le Super 35. Les d\u00e9polis se fixent magn\u00e9tiquement aux modules de format et ils peuvent \u00eatre marqu\u00e9 \u00e0 l&#8217;aide du kit de marquage de d\u00e9poli inclus.<\/p>\n<p>Il est \u00e9quip\u00e9 d&#8217;une monture d&#8217;objectif LPL en plus d&#8217;un adaptateur LPL vers PL. Les rails NATO sur le corps du chercheur champ et leur extension de la poign\u00e9e permettent d&#8217;ajuster l&#8217;\u00e9quilibre pour l&#8217;utilisation d&#8217;objectifs lourds.<\/p>\n","protected":false},"excerpt":{"rendered":"<p>Le Chercheur de champ grand format Lindsey Optics permet une visualisation enti\u00e8rement optique \u00e0 travers l&#8217;objectif pour une gamme sans pr\u00e9c\u00e9dent de formats, y compris Super-35, Full Frame, Red Monstro 8K et ARRI Alexa 65. Ce chercheur de champ est dot\u00e9 de modules interchangeables permettant de changer de format rapidement et sans outil. Les modules [&hellip;]<\/p>\n","protected":false},"featured_media":3992,"template":"","meta":{"inline_featured_image":false},"product_brand":[],"product_cat":[1960],"product_tag":[],"class_list":{"0":"post-188","1":"product","2":"type-product","3":"status-publish","4":"has-post-thumbnail","6":"product_cat-chercheur-de-champ","8":"first","9":"instock","10":"taxable","11":"shipping-taxable","12":"purchasable","13":"product-type-rentable"},"acf":[],"_links":{"self":[{"href":"https:\/\/indie.rent\/catalogue\/wp-json\/wp\/v2\/product\/188","targetHints":{"allow":["GET"]}}],"collection":[{"href":"https:\/\/indie.rent\/catalogue\/wp-json\/wp\/v2\/product"}],"about":[{"href":"https:\/\/indie.rent\/catalogue\/wp-json\/wp\/v2\/types\/product"}],"version-history":[{"count":0,"href":"https:\/\/indie.rent\/catalogue\/wp-json\/wp\/v2\/product\/188\/revisions"}],"wp:featuredmedia":[{"embeddable":true,"href":"https:\/\/indie.rent\/catalogue\/wp-json\/wp\/v2\/media\/3992"}],"wp:attachment":[{"href":"https:\/\/indie.rent\/catalogue\/wp-json\/wp\/v2\/media?parent=188"}],"wp:term":[{"taxonomy":"product_brand","embeddable":true,"href":"https:\/\/indie.rent\/catalogue\/wp-json\/wp\/v2\/product_brand?post=188"},{"taxonomy":"product_cat","embeddable":true,"href":"https:\/\/indie.rent\/catalogue\/wp-json\/wp\/v2\/product_cat?post=188"},{"taxonomy":"product_tag","embeddable":true,"href":"https:\/\/indie.rent\/catalogue\/wp-json\/wp\/v2\/product_tag?post=188"}],"curies":[{"name":"wp","href":"https:\/\/api.w.org\/{rel}","templated":true}]}}