{"id":1643,"date":"2025-02-11T09:44:18","date_gmt":"2025-02-11T08:44:18","guid":{"rendered":"https:\/\/indie.rent\/catalogue\/produit\/bague-dadaptation-pl-vers-sony-e\/"},"modified":"2026-04-16T18:20:48","modified_gmt":"2026-04-16T16:20:48","slug":"bague-dadaptation-pl-vers-sony-e","status":"publish","type":"product","link":"https:\/\/indie.rent\/catalogue\/produit\/bague-dadaptation-pl-vers-sony-e\/","title":{"rendered":"Bague d&#8217;Adaptation PL vers Sony E"},"content":{"rendered":"<p>Avec cette bague Metabones Speed Booster, \u00e9tendez le parc optique de votre bo\u00eetier Sony. Utilisez vos objectifs de monture Arri PL sur votre bo\u00eetier de monture Sony E.<\/p>\n","protected":false},"excerpt":{"rendered":"<p>Avec cette bague Metabones Speed Booster, \u00e9tendez le parc optique de votre bo\u00eetier Sony. Utilisez vos objectifs de monture Arri PL sur votre bo\u00eetier de monture Sony E.<\/p>\n","protected":false},"featured_media":2792,"template":"","meta":{"inline_featured_image":false},"product_brand":[],"product_cat":[1959],"product_tag":[],"class_list":{"0":"post-1643","1":"product","2":"type-product","3":"status-publish","4":"has-post-thumbnail","6":"product_cat-bague-adaptation","8":"first","9":"instock","10":"taxable","11":"shipping-taxable","12":"purchasable","13":"product-type-rentable"},"acf":[],"_links":{"self":[{"href":"https:\/\/indie.rent\/catalogue\/wp-json\/wp\/v2\/product\/1643","targetHints":{"allow":["GET"]}}],"collection":[{"href":"https:\/\/indie.rent\/catalogue\/wp-json\/wp\/v2\/product"}],"about":[{"href":"https:\/\/indie.rent\/catalogue\/wp-json\/wp\/v2\/types\/product"}],"version-history":[{"count":0,"href":"https:\/\/indie.rent\/catalogue\/wp-json\/wp\/v2\/product\/1643\/revisions"}],"wp:featuredmedia":[{"embeddable":true,"href":"https:\/\/indie.rent\/catalogue\/wp-json\/wp\/v2\/media\/2792"}],"wp:attachment":[{"href":"https:\/\/indie.rent\/catalogue\/wp-json\/wp\/v2\/media?parent=1643"}],"wp:term":[{"taxonomy":"product_brand","embeddable":true,"href":"https:\/\/indie.rent\/catalogue\/wp-json\/wp\/v2\/product_brand?post=1643"},{"taxonomy":"product_cat","embeddable":true,"href":"https:\/\/indie.rent\/catalogue\/wp-json\/wp\/v2\/product_cat?post=1643"},{"taxonomy":"product_tag","embeddable":true,"href":"https:\/\/indie.rent\/catalogue\/wp-json\/wp\/v2\/product_tag?post=1643"}],"curies":[{"name":"wp","href":"https:\/\/api.w.org\/{rel}","templated":true}]}}