{"id":1540,"date":"2025-01-10T17:32:17","date_gmt":"2025-01-10T16:32:17","guid":{"rendered":"https:\/\/indie.rent\/catalogue\/produit\/serie-de-4-filtres-schneider-demi-dioptries-138mm-1-2-1-2-3\/"},"modified":"2026-04-16T17:22:21","modified_gmt":"2026-04-16T15:22:21","slug":"serie-de-4-filtres-schneider-demi-dioptries-138mm-1-2-1-2-3","status":"publish","type":"product","link":"https:\/\/indie.rent\/catalogue\/produit\/serie-de-4-filtres-schneider-demi-dioptries-138mm-1-2-1-2-3\/","title":{"rendered":"S\u00e9rie de 4 Filtres Schneider Demi-Dioptries 138mm (+1\/2 , +1, +2, +3)"},"content":{"rendered":"<p>Les dioptries Split sont un outil incroyable qui vous aide \u00e0 am\u00e9liorer la profondeur de champ. Ils permettent \u00e0 une plus grande partie de la sc\u00e8ne d&#8217;\u00eatre parfaitement mise au point simultan\u00e9ment. Ces dioptries sont des morceaux de verre semi-circulaires mont\u00e9s en forme d&#8217;anneau. Ils peuvent \u00eatre tourn\u00e9s dans une Matte-Box pour obtenir l&#8217;effet souhait\u00e9. Le r\u00e9sultat est que la moiti\u00e9 de l&#8217;image est agrandie et que l&#8217;autre partie n&#8217;est pas affect\u00e9e.<\/p>\n","protected":false},"excerpt":{"rendered":"<p>Les dioptries Split sont un outil incroyable qui vous aide \u00e0 am\u00e9liorer la profondeur de champ. Ils permettent \u00e0 une plus grande partie de la sc\u00e8ne d&#8217;\u00eatre parfaitement mise au point simultan\u00e9ment. Ces dioptries sont des morceaux de verre semi-circulaires mont\u00e9s en forme d&#8217;anneau. Ils peuvent \u00eatre tourn\u00e9s dans une Matte-Box pour obtenir l&#8217;effet souhait\u00e9. [&hellip;]<\/p>\n","protected":false},"featured_media":2182,"template":"","meta":{"inline_featured_image":false},"product_brand":[],"product_cat":[1941],"product_tag":[],"class_list":{"0":"post-1540","1":"product","2":"type-product","3":"status-publish","4":"has-post-thumbnail","6":"product_cat-diopter","8":"first","9":"instock","10":"taxable","11":"shipping-taxable","12":"purchasable","13":"product-type-rentable"},"acf":[],"_links":{"self":[{"href":"https:\/\/indie.rent\/catalogue\/wp-json\/wp\/v2\/product\/1540","targetHints":{"allow":["GET"]}}],"collection":[{"href":"https:\/\/indie.rent\/catalogue\/wp-json\/wp\/v2\/product"}],"about":[{"href":"https:\/\/indie.rent\/catalogue\/wp-json\/wp\/v2\/types\/product"}],"version-history":[{"count":0,"href":"https:\/\/indie.rent\/catalogue\/wp-json\/wp\/v2\/product\/1540\/revisions"}],"wp:featuredmedia":[{"embeddable":true,"href":"https:\/\/indie.rent\/catalogue\/wp-json\/wp\/v2\/media\/2182"}],"wp:attachment":[{"href":"https:\/\/indie.rent\/catalogue\/wp-json\/wp\/v2\/media?parent=1540"}],"wp:term":[{"taxonomy":"product_brand","embeddable":true,"href":"https:\/\/indie.rent\/catalogue\/wp-json\/wp\/v2\/product_brand?post=1540"},{"taxonomy":"product_cat","embeddable":true,"href":"https:\/\/indie.rent\/catalogue\/wp-json\/wp\/v2\/product_cat?post=1540"},{"taxonomy":"product_tag","embeddable":true,"href":"https:\/\/indie.rent\/catalogue\/wp-json\/wp\/v2\/product_tag?post=1540"}],"curies":[{"name":"wp","href":"https:\/\/api.w.org\/{rel}","templated":true}]}}