{"id":1536,"date":"2025-01-10T17:32:16","date_gmt":"2025-01-10T16:32:16","guid":{"rendered":"https:\/\/indie.rent\/catalogue\/produit\/serie-de-7-filtres-nisi-nd-nano-ir-4x5-65\/"},"modified":"2026-04-04T00:13:54","modified_gmt":"2026-04-03T22:13:54","slug":"serie-de-7-filtres-nisi-nd-nano-ir-4x5-65","status":"publish","type":"product","link":"https:\/\/indie.rent\/catalogue\/produit\/serie-de-7-filtres-nisi-nd-nano-ir-4x5-65\/","title":{"rendered":"S\u00e9rie de 7 Filtres Nisi ND Nano IR \u2013 4&#215;5.65\u201c"},"content":{"rendered":"<p>Les filtres ND Nano IR de NISI sont un outil indispensable pour vos longues expositions. Ils sont fabriqu\u00e9s \u00e0 partir de verre optique de haute qualit\u00e9 (pas de r\u00e9sine) avec un rev\u00eatement Nano afin d\u2019\u00e9viter de perdre le moindre d\u00e9tail. Les filtres NISI sont con\u00e7us avec une zone sombre sur la partie haute pour progressivement \u00e9quilibrer l\u2019exposition des ciels. Les filtres \u00e0 densit\u00e9 neutre n\u2019affectent pas la colorim\u00e9trie de l\u2019image.<\/p>\n<p>\u00a0<\/p>\n","protected":false},"excerpt":{"rendered":"<p>Les filtres ND Nano IR de NISI sont un outil indispensable pour vos longues expositions. Ils sont fabriqu\u00e9s \u00e0 partir de verre optique de haute qualit\u00e9 (pas de r\u00e9sine) avec un rev\u00eatement Nano afin d\u2019\u00e9viter de perdre le moindre d\u00e9tail. Les filtres NISI sont con\u00e7us avec une zone sombre sur la partie haute pour progressivement [&hellip;]<\/p>\n","protected":false},"featured_media":2012,"template":"","meta":{"inline_featured_image":false},"product_brand":[],"product_cat":[1939],"product_tag":[],"class_list":{"0":"post-1536","1":"product","2":"type-product","3":"status-publish","4":"has-post-thumbnail","6":"product_cat-filtres-4x5-6-correction","8":"first","9":"instock","10":"taxable","11":"shipping-taxable","12":"purchasable","13":"product-type-rentable"},"acf":[],"_links":{"self":[{"href":"https:\/\/indie.rent\/catalogue\/wp-json\/wp\/v2\/product\/1536","targetHints":{"allow":["GET"]}}],"collection":[{"href":"https:\/\/indie.rent\/catalogue\/wp-json\/wp\/v2\/product"}],"about":[{"href":"https:\/\/indie.rent\/catalogue\/wp-json\/wp\/v2\/types\/product"}],"version-history":[{"count":1,"href":"https:\/\/indie.rent\/catalogue\/wp-json\/wp\/v2\/product\/1536\/revisions"}],"predecessor-version":[{"id":5535,"href":"https:\/\/indie.rent\/catalogue\/wp-json\/wp\/v2\/product\/1536\/revisions\/5535"}],"wp:featuredmedia":[{"embeddable":true,"href":"https:\/\/indie.rent\/catalogue\/wp-json\/wp\/v2\/media\/2012"}],"wp:attachment":[{"href":"https:\/\/indie.rent\/catalogue\/wp-json\/wp\/v2\/media?parent=1536"}],"wp:term":[{"taxonomy":"product_brand","embeddable":true,"href":"https:\/\/indie.rent\/catalogue\/wp-json\/wp\/v2\/product_brand?post=1536"},{"taxonomy":"product_cat","embeddable":true,"href":"https:\/\/indie.rent\/catalogue\/wp-json\/wp\/v2\/product_cat?post=1536"},{"taxonomy":"product_tag","embeddable":true,"href":"https:\/\/indie.rent\/catalogue\/wp-json\/wp\/v2\/product_tag?post=1536"}],"curies":[{"name":"wp","href":"https:\/\/api.w.org\/{rel}","templated":true}]}}