{"id":1475,"date":"2025-01-10T17:31:36","date_gmt":"2025-01-10T16:31:36","guid":{"rendered":"https:\/\/indie.rent\/catalogue\/produit\/follow-focus-manuel-ff5-cine\/"},"modified":"2026-04-14T17:08:21","modified_gmt":"2026-04-14T15:08:21","slug":"follow-focus-manuel-arri-ff5","status":"publish","type":"product","link":"https:\/\/indie.rent\/catalogue\/produit\/follow-focus-manuel-arri-ff5\/","title":{"rendered":"Follow Focus Manuel Arri FF5"},"content":{"rendered":"<p>Le Follow Focus ARRI FF5-HD est un follow focus m\u00e9canique permettant une double commande. Gr\u00e2ce \u00e0 ses divers pignons crant\u00e9s variables en diam\u00e8tre et en \u00e9paisseur, il s&#8217;adapte sur divers types d&#8217;optiques. Il est \u00e9galement compatible avec des tiges de 15 ou 19 mm.<\/p>\n","protected":false},"excerpt":{"rendered":"<p>Le Follow Focus ARRI FF5-HD est un follow focus m\u00e9canique permettant une double commande. Gr\u00e2ce \u00e0 ses divers pignons crant\u00e9s variables en diam\u00e8tre et en \u00e9paisseur, il s&#8217;adapte sur divers types d&#8217;optiques. Il est \u00e9galement compatible avec des tiges de 15 ou 19 mm.<\/p>\n","protected":false},"featured_media":2369,"template":"","meta":{"inline_featured_image":false},"product_brand":[],"product_cat":[1956],"product_tag":[],"class_list":{"0":"post-1475","1":"product","2":"type-product","3":"status-publish","4":"has-post-thumbnail","6":"product_cat-follow-focus-manuel","8":"first","9":"instock","10":"taxable","11":"shipping-taxable","12":"purchasable","13":"product-type-rentable"},"acf":[],"_links":{"self":[{"href":"https:\/\/indie.rent\/catalogue\/wp-json\/wp\/v2\/product\/1475","targetHints":{"allow":["GET"]}}],"collection":[{"href":"https:\/\/indie.rent\/catalogue\/wp-json\/wp\/v2\/product"}],"about":[{"href":"https:\/\/indie.rent\/catalogue\/wp-json\/wp\/v2\/types\/product"}],"version-history":[{"count":1,"href":"https:\/\/indie.rent\/catalogue\/wp-json\/wp\/v2\/product\/1475\/revisions"}],"predecessor-version":[{"id":6740,"href":"https:\/\/indie.rent\/catalogue\/wp-json\/wp\/v2\/product\/1475\/revisions\/6740"}],"wp:featuredmedia":[{"embeddable":true,"href":"https:\/\/indie.rent\/catalogue\/wp-json\/wp\/v2\/media\/2369"}],"wp:attachment":[{"href":"https:\/\/indie.rent\/catalogue\/wp-json\/wp\/v2\/media?parent=1475"}],"wp:term":[{"taxonomy":"product_brand","embeddable":true,"href":"https:\/\/indie.rent\/catalogue\/wp-json\/wp\/v2\/product_brand?post=1475"},{"taxonomy":"product_cat","embeddable":true,"href":"https:\/\/indie.rent\/catalogue\/wp-json\/wp\/v2\/product_cat?post=1475"},{"taxonomy":"product_tag","embeddable":true,"href":"https:\/\/indie.rent\/catalogue\/wp-json\/wp\/v2\/product_tag?post=1475"}],"curies":[{"name":"wp","href":"https:\/\/api.w.org\/{rel}","templated":true}]}}