{"id":1411,"date":"2025-01-10T17:31:01","date_gmt":"2025-01-10T16:31:01","guid":{"rendered":"https:\/\/indie.rent\/catalogue\/produit\/follow-focus-manuel-mff-2\/"},"modified":"2026-04-14T17:19:52","modified_gmt":"2026-04-14T15:19:52","slug":"follow-focus-manuel-arri-mff-2","status":"publish","type":"product","link":"https:\/\/indie.rent\/catalogue\/produit\/follow-focus-manuel-arri-mff-2\/","title":{"rendered":"Follow Focus Manuel Arri MFF-2"},"content":{"rendered":"<p>Compatible avec les optiques Cin\u00e9 &amp; HD Style. Ultra compact et l\u00e9ger. Ratio 1:2 parfaitement adapt\u00e9 aux courses des bagues de MAP des optiques Cin\u00e9 (Cooke Optics, Ang\u00e9nieux, Ultra Primes, Alura, Master etc) 1 tour complet de volant correspond \u00e0 2 tours complets de pignons.<br \/>Fixation sur tiges 15mm<\/p>\n<p>\u00a0<\/p>\n","protected":false},"excerpt":{"rendered":"<p>Compatible avec les optiques Cin\u00e9 &amp; HD Style. Ultra compact et l\u00e9ger. Ratio 1:2 parfaitement adapt\u00e9 aux courses des bagues de MAP des optiques Cin\u00e9 (Cooke Optics, Ang\u00e9nieux, Ultra Primes, Alura, Master etc) 1 tour complet de volant correspond \u00e0 2 tours complets de pignons.Fixation sur tiges 15mm \u00a0<\/p>\n","protected":false},"featured_media":2011,"template":"","meta":{"inline_featured_image":false},"product_brand":[],"product_cat":[1956],"product_tag":[],"class_list":{"0":"post-1411","1":"product","2":"type-product","3":"status-publish","4":"has-post-thumbnail","6":"product_cat-follow-focus-manuel","8":"first","9":"instock","10":"taxable","11":"shipping-taxable","12":"purchasable","13":"product-type-rentable"},"acf":[],"_links":{"self":[{"href":"https:\/\/indie.rent\/catalogue\/wp-json\/wp\/v2\/product\/1411","targetHints":{"allow":["GET"]}}],"collection":[{"href":"https:\/\/indie.rent\/catalogue\/wp-json\/wp\/v2\/product"}],"about":[{"href":"https:\/\/indie.rent\/catalogue\/wp-json\/wp\/v2\/types\/product"}],"version-history":[{"count":1,"href":"https:\/\/indie.rent\/catalogue\/wp-json\/wp\/v2\/product\/1411\/revisions"}],"predecessor-version":[{"id":6735,"href":"https:\/\/indie.rent\/catalogue\/wp-json\/wp\/v2\/product\/1411\/revisions\/6735"}],"wp:featuredmedia":[{"embeddable":true,"href":"https:\/\/indie.rent\/catalogue\/wp-json\/wp\/v2\/media\/2011"}],"wp:attachment":[{"href":"https:\/\/indie.rent\/catalogue\/wp-json\/wp\/v2\/media?parent=1411"}],"wp:term":[{"taxonomy":"product_brand","embeddable":true,"href":"https:\/\/indie.rent\/catalogue\/wp-json\/wp\/v2\/product_brand?post=1411"},{"taxonomy":"product_cat","embeddable":true,"href":"https:\/\/indie.rent\/catalogue\/wp-json\/wp\/v2\/product_cat?post=1411"},{"taxonomy":"product_tag","embeddable":true,"href":"https:\/\/indie.rent\/catalogue\/wp-json\/wp\/v2\/product_tag?post=1411"}],"curies":[{"name":"wp","href":"https:\/\/api.w.org\/{rel}","templated":true}]}}