{"id":1398,"date":"2025-01-10T17:30:50","date_gmt":"2025-01-10T16:30:50","guid":{"rendered":"https:\/\/indie.rent\/catalogue\/produit\/roulante-regie-guinalette\/"},"modified":"2026-04-13T18:26:53","modified_gmt":"2026-04-13T16:26:53","slug":"roulante-regie-guinalette","status":"publish","type":"product","link":"https:\/\/indie.rent\/catalogue\/produit\/roulante-regie-guinalette\/","title":{"rendered":"Roulante r\u00e9gie Guinalette"},"content":{"rendered":"<p>Une Roulante R\u00e9gie Guinalette avec 12 caisses grises de 3 tailles diff\u00e9rentes est disponible \u00e0 la location chez Indie ! <\/p>\n<p>Elle sera parfaite pour l&#8217;organisation et le transport de vos tables r\u00e9gie. Permet \u00e9galement la mise en place de poubelle. Une \u00e9tag\u00e8re est \u00e9galement disponible et fournit avec (\u00e9tag\u00e8re qui se replie enti\u00e8rement pour optimiser l&#8217;espace occup\u00e9 une fois refermer). <\/p>\n<p>         Voir cette publication sur Instagram            Une publication partag\u00e9e par Indie Loc (@indie_la_location) le 22 Sept. 2018 \u00e0 12 :38 PDT<\/p>\n","protected":false},"excerpt":{"rendered":"<p>Une Roulante R\u00e9gie Guinalette avec 12 caisses grises de 3 tailles diff\u00e9rentes est disponible \u00e0 la location chez Indie ! Elle sera parfaite pour l&#8217;organisation et le transport de vos tables r\u00e9gie. Permet \u00e9galement la mise en place de poubelle. Une \u00e9tag\u00e8re est \u00e9galement disponible et fournit avec (\u00e9tag\u00e8re qui se replie enti\u00e8rement pour optimiser [&hellip;]<\/p>\n","protected":false},"featured_media":2054,"template":"","meta":{"inline_featured_image":false},"product_brand":[],"product_cat":[2129],"product_tag":[],"class_list":{"0":"post-1398","1":"product","2":"type-product","3":"status-publish","4":"has-post-thumbnail","6":"product_cat-roulantes","8":"first","9":"instock","10":"taxable","11":"shipping-taxable","12":"purchasable","13":"product-type-rentable"},"acf":[],"_links":{"self":[{"href":"https:\/\/indie.rent\/catalogue\/wp-json\/wp\/v2\/product\/1398","targetHints":{"allow":["GET"]}}],"collection":[{"href":"https:\/\/indie.rent\/catalogue\/wp-json\/wp\/v2\/product"}],"about":[{"href":"https:\/\/indie.rent\/catalogue\/wp-json\/wp\/v2\/types\/product"}],"version-history":[{"count":0,"href":"https:\/\/indie.rent\/catalogue\/wp-json\/wp\/v2\/product\/1398\/revisions"}],"wp:featuredmedia":[{"embeddable":true,"href":"https:\/\/indie.rent\/catalogue\/wp-json\/wp\/v2\/media\/2054"}],"wp:attachment":[{"href":"https:\/\/indie.rent\/catalogue\/wp-json\/wp\/v2\/media?parent=1398"}],"wp:term":[{"taxonomy":"product_brand","embeddable":true,"href":"https:\/\/indie.rent\/catalogue\/wp-json\/wp\/v2\/product_brand?post=1398"},{"taxonomy":"product_cat","embeddable":true,"href":"https:\/\/indie.rent\/catalogue\/wp-json\/wp\/v2\/product_cat?post=1398"},{"taxonomy":"product_tag","embeddable":true,"href":"https:\/\/indie.rent\/catalogue\/wp-json\/wp\/v2\/product_tag?post=1398"}],"curies":[{"name":"wp","href":"https:\/\/api.w.org\/{rel}","templated":true}]}}