{"id":1373,"date":"2025-01-10T17:30:42","date_gmt":"2025-01-10T16:30:42","guid":{"rendered":"https:\/\/indie.rent\/catalogue\/produit\/blackmagic-mini-converter-sdi-to-hdmi\/"},"modified":"2026-04-16T17:08:04","modified_gmt":"2026-04-16T15:08:04","slug":"blackmagic-mini-converter-sdi-to-hdmi","status":"publish","type":"product","link":"https:\/\/indie.rent\/catalogue\/produit\/blackmagic-mini-converter-sdi-to-hdmi\/","title":{"rendered":"Blackmagic Mini Converter &#8211; SDI to HDMI"},"content":{"rendered":"<p>Ce convertisseur SDI vers HDMI permet de convertir tr\u00e8s facilement un flux provenant d&#8217;une cam\u00e9ra via SDI vers un moniteur ne recevant que le HDMI. \u00c9galement tr\u00e8s utile pour les r\u00e9gies vid\u00e9os live, ce convertisseur se branche sur secteur. Il dispose d&#8217;une sortie HDMI ainsi qu&#8217;une entr\u00e9e et une sortie SDI classique.<\/p>\n","protected":false},"excerpt":{"rendered":"<p>Ce convertisseur SDI vers HDMI permet de convertir tr\u00e8s facilement un flux provenant d&#8217;une cam\u00e9ra via SDI vers un moniteur ne recevant que le HDMI. \u00c9galement tr\u00e8s utile pour les r\u00e9gies vid\u00e9os live, ce convertisseur se branche sur secteur. Il dispose d&#8217;une sortie HDMI ainsi qu&#8217;une entr\u00e9e et une sortie SDI classique.<\/p>\n","protected":false},"featured_media":1877,"template":"","meta":{"inline_featured_image":false},"product_brand":[],"product_cat":[1972],"product_tag":[2249],"class_list":{"0":"post-1373","1":"product","2":"type-product","3":"status-publish","4":"has-post-thumbnail","6":"product_cat-convertisseur","7":"product_tag-pas-de-facture","9":"first","10":"instock","11":"taxable","12":"shipping-taxable","13":"purchasable","14":"product-type-rentable"},"acf":[],"_links":{"self":[{"href":"https:\/\/indie.rent\/catalogue\/wp-json\/wp\/v2\/product\/1373","targetHints":{"allow":["GET"]}}],"collection":[{"href":"https:\/\/indie.rent\/catalogue\/wp-json\/wp\/v2\/product"}],"about":[{"href":"https:\/\/indie.rent\/catalogue\/wp-json\/wp\/v2\/types\/product"}],"version-history":[{"count":0,"href":"https:\/\/indie.rent\/catalogue\/wp-json\/wp\/v2\/product\/1373\/revisions"}],"wp:featuredmedia":[{"embeddable":true,"href":"https:\/\/indie.rent\/catalogue\/wp-json\/wp\/v2\/media\/1877"}],"wp:attachment":[{"href":"https:\/\/indie.rent\/catalogue\/wp-json\/wp\/v2\/media?parent=1373"}],"wp:term":[{"taxonomy":"product_brand","embeddable":true,"href":"https:\/\/indie.rent\/catalogue\/wp-json\/wp\/v2\/product_brand?post=1373"},{"taxonomy":"product_cat","embeddable":true,"href":"https:\/\/indie.rent\/catalogue\/wp-json\/wp\/v2\/product_cat?post=1373"},{"taxonomy":"product_tag","embeddable":true,"href":"https:\/\/indie.rent\/catalogue\/wp-json\/wp\/v2\/product_tag?post=1373"}],"curies":[{"name":"wp","href":"https:\/\/api.w.org\/{rel}","templated":true}]}}