{"id":1372,"date":"2025-01-10T17:30:41","date_gmt":"2025-01-10T16:30:41","guid":{"rendered":"https:\/\/indie.rent\/catalogue\/produit\/coco-15v-iii-plaque-dalimentation-en-v-mount-sur-rods-de-15mm\/"},"modified":"2026-04-16T18:35:48","modified_gmt":"2026-04-16T16:35:48","slug":"coco-15v-iii-plaque-dalimentation-en-v-mount-sur-rods-de-15mm","status":"publish","type":"product","link":"https:\/\/indie.rent\/catalogue\/produit\/coco-15v-iii-plaque-dalimentation-en-v-mount-sur-rods-de-15mm\/","title":{"rendered":"Coco 15V III &#8211; Plaque d&#8217;Alimentation en V-Mount sur Rods de 15mm"},"content":{"rendered":"<p>Le Coco-15V III est un adaptateur permettant de monter une batterie V-mount et d&#8217;alimenter les cam\u00e9ras ne poss\u00e9dant pas de fixation V-mount. L&#8217;adaptateur propose 3 diff\u00e9rentes connectiques (4 pin Hirose 5V \/ 7,6 &#8211; 8,4 V \/ 12V) s&#8217;adaptant au voltage de votre cam\u00e9ra. Vous retrouverez \u00e9galement un connecteur Lemo 2 ainsi que 2 ports USB 5V. L&#8217;adaptateur Coco est un outil tr\u00e8s pratique notamment gr\u00e2ce \u00e0 ses 2 Twist D-Tap n&#8217;imposant pas un sens unique de branchement du D-tap et permettant d&#8217;organiser ses c\u00e2bles de la mani\u00e8re souhait\u00e9e, sans restricition.<\/p>\n<p>Son adaptateur pour tiges de 15mm le rend adaptable \u00e0 toute configuration et les diff\u00e9rents pas de vis Kodak permette de fixer l&#8217;adaptateur de tiges \u00e0 diff\u00e9rents endroits.<\/p>\n","protected":false},"excerpt":{"rendered":"<p>Le Coco-15V III est un adaptateur permettant de monter une batterie V-mount et d&#8217;alimenter les cam\u00e9ras ne poss\u00e9dant pas de fixation V-mount. L&#8217;adaptateur propose 3 diff\u00e9rentes connectiques (4 pin Hirose 5V \/ 7,6 &#8211; 8,4 V \/ 12V) s&#8217;adaptant au voltage de votre cam\u00e9ra. Vous retrouverez \u00e9galement un connecteur Lemo 2 ainsi que 2 ports [&hellip;]<\/p>\n","protected":false},"featured_media":1872,"template":"","meta":{"inline_featured_image":false},"product_brand":[],"product_cat":[1972],"product_tag":[],"class_list":{"0":"post-1372","1":"product","2":"type-product","3":"status-publish","4":"has-post-thumbnail","6":"product_cat-convertisseur","8":"first","9":"instock","10":"taxable","11":"shipping-taxable","12":"purchasable","13":"product-type-rentable"},"acf":[],"_links":{"self":[{"href":"https:\/\/indie.rent\/catalogue\/wp-json\/wp\/v2\/product\/1372","targetHints":{"allow":["GET"]}}],"collection":[{"href":"https:\/\/indie.rent\/catalogue\/wp-json\/wp\/v2\/product"}],"about":[{"href":"https:\/\/indie.rent\/catalogue\/wp-json\/wp\/v2\/types\/product"}],"version-history":[{"count":0,"href":"https:\/\/indie.rent\/catalogue\/wp-json\/wp\/v2\/product\/1372\/revisions"}],"wp:featuredmedia":[{"embeddable":true,"href":"https:\/\/indie.rent\/catalogue\/wp-json\/wp\/v2\/media\/1872"}],"wp:attachment":[{"href":"https:\/\/indie.rent\/catalogue\/wp-json\/wp\/v2\/media?parent=1372"}],"wp:term":[{"taxonomy":"product_brand","embeddable":true,"href":"https:\/\/indie.rent\/catalogue\/wp-json\/wp\/v2\/product_brand?post=1372"},{"taxonomy":"product_cat","embeddable":true,"href":"https:\/\/indie.rent\/catalogue\/wp-json\/wp\/v2\/product_cat?post=1372"},{"taxonomy":"product_tag","embeddable":true,"href":"https:\/\/indie.rent\/catalogue\/wp-json\/wp\/v2\/product_tag?post=1372"}],"curies":[{"name":"wp","href":"https:\/\/api.w.org\/{rel}","templated":true}]}}