{"id":1367,"date":"2025-01-10T17:30:41","date_gmt":"2025-01-10T16:30:41","guid":{"rendered":"https:\/\/indie.rent\/catalogue\/produit\/mattebox-obox-4x5-6\/"},"modified":"2026-04-13T18:14:45","modified_gmt":"2026-04-13T16:14:45","slug":"mattebox-obox-4x5-6","status":"publish","type":"product","link":"https:\/\/indie.rent\/catalogue\/produit\/mattebox-obox-4x5-6\/","title":{"rendered":"Mattebox O&#8217;Box 4&#215;5.6"},"content":{"rendered":"<p>Mattebox O&#8217;Connor<\/p>\n<p>La mattebox O\u2019Connor O\u2019Box WM peut accueillir toutes sortes d\u2019objectifs, de la plus courte focale \u00e0 la plus longue focale avec un diam\u00e8tre maximal de 150 mm. Elle est con\u00e7ue de mani\u00e8re \u00e0 \u00eatre \u00e0 la fois tr\u00e8s robuste et tr\u00e8s l\u00e9g\u00e8re (0,7 kg). Elle peut contenir \u00e0 la fois des filtres carr\u00e9s (4 x 4 pouces) et des filtres rectangulaires (4 x 5,6 pouces). Cette mattebox se monte sur des tiges standards de 15 mm mais peut \u00e9galement \u00eatre mont\u00e9 sur des tiges de 19 mm au besoin. Elle peut \u00eatre accessoiris\u00e9e de plusieurs mani\u00e8res, en effet il est possible de mettre non seulement des volets lat\u00e9raux mais \u00e9galement des poign\u00e9es pouvant \u00eatre fix\u00e9es directement sur l\u2019armature de la mattebox.<\/p>\n","protected":false},"excerpt":{"rendered":"<p>Mattebox O&#8217;Connor La mattebox O\u2019Connor O\u2019Box WM peut accueillir toutes sortes d\u2019objectifs, de la plus courte focale \u00e0 la plus longue focale avec un diam\u00e8tre maximal de 150 mm. Elle est con\u00e7ue de mani\u00e8re \u00e0 \u00eatre \u00e0 la fois tr\u00e8s robuste et tr\u00e8s l\u00e9g\u00e8re (0,7 kg). Elle peut contenir \u00e0 la fois des filtres carr\u00e9s [&hellip;]<\/p>\n","protected":false},"featured_media":1852,"template":"","meta":{"inline_featured_image":false},"product_brand":[],"product_cat":[1955],"product_tag":[],"class_list":{"0":"post-1367","1":"product","2":"type-product","3":"status-publish","4":"has-post-thumbnail","6":"product_cat-mattebox","8":"first","9":"instock","10":"taxable","11":"shipping-taxable","12":"purchasable","13":"product-type-rentable"},"acf":[],"_links":{"self":[{"href":"https:\/\/indie.rent\/catalogue\/wp-json\/wp\/v2\/product\/1367","targetHints":{"allow":["GET"]}}],"collection":[{"href":"https:\/\/indie.rent\/catalogue\/wp-json\/wp\/v2\/product"}],"about":[{"href":"https:\/\/indie.rent\/catalogue\/wp-json\/wp\/v2\/types\/product"}],"version-history":[{"count":0,"href":"https:\/\/indie.rent\/catalogue\/wp-json\/wp\/v2\/product\/1367\/revisions"}],"wp:featuredmedia":[{"embeddable":true,"href":"https:\/\/indie.rent\/catalogue\/wp-json\/wp\/v2\/media\/1852"}],"wp:attachment":[{"href":"https:\/\/indie.rent\/catalogue\/wp-json\/wp\/v2\/media?parent=1367"}],"wp:term":[{"taxonomy":"product_brand","embeddable":true,"href":"https:\/\/indie.rent\/catalogue\/wp-json\/wp\/v2\/product_brand?post=1367"},{"taxonomy":"product_cat","embeddable":true,"href":"https:\/\/indie.rent\/catalogue\/wp-json\/wp\/v2\/product_cat?post=1367"},{"taxonomy":"product_tag","embeddable":true,"href":"https:\/\/indie.rent\/catalogue\/wp-json\/wp\/v2\/product_tag?post=1367"}],"curies":[{"name":"wp","href":"https:\/\/api.w.org\/{rel}","templated":true}]}}