{"id":1280,"date":"2025-01-10T17:30:05","date_gmt":"2025-01-10T16:30:05","guid":{"rendered":"https:\/\/indie.rent\/catalogue\/produit\/glaciere-12-v-et-230-v\/"},"modified":"2026-04-16T17:10:37","modified_gmt":"2026-04-16T15:10:37","slug":"glaciere-12-v-et-230-v","status":"publish","type":"product","link":"https:\/\/indie.rent\/catalogue\/produit\/glaciere-12-v-et-230-v\/","title":{"rendered":"Glaciere 12 V et 230 V"},"content":{"rendered":"<p>Glaci\u00e8re hybride thermo\u00e9lectrique\/\u00e0 compresseur pour 12 volts (thermo\u00e9lectrique) et 230 volts (compresseur).<br \/>Consommation moyenne en 24 h \u00e0 une temp\u00e9rature ambiante de 25 \u00b0C en moyenne annuelle selon la norme ISO<\/p>\n<p>R\u00e9frig\u00e9ration normale et cong\u00e9lation en mode fixe (compresseur)<br \/>R\u00e9frig\u00e9ration normale en mode 12 volts (thermo\u00e9lectrique)<br \/>R\u00e9glage de la temp\u00e9rature en continu en mode compresseur<br \/>Hauteur debout pour bouteilles de 2 litres<\/p>\n<p>Caract\u00e9ristiques :<br \/>Type de glaci\u00e8re : Hybride<br \/>Fonctionnement sur batterie : 12 V\t<br \/>Fonctionnement sous tension : 230 V\t<br \/>Consommation \u00e9lectrique 12 V : 47 W<br \/>Consommation \u00e9lectrique 230 V : 75 W<br \/>Largeur int\u00e9rieure : 36,4 cm<br \/>Poids : 22 kg<br \/>Hauteur int\u00e9rieure : 41 cm<br \/>Dimensions ext\u00e9rieures (LxHxP) : 52 x 45,4 x 51 cm<br \/>Profondeur int\u00e9rieure : 27 cm<br \/>Volume : 38 l<\/p>\n","protected":false},"excerpt":{"rendered":"<p>Glaci\u00e8re hybride thermo\u00e9lectrique\/\u00e0 compresseur pour 12 volts (thermo\u00e9lectrique) et 230 volts (compresseur).Consommation moyenne en 24 h \u00e0 une temp\u00e9rature ambiante de 25 \u00b0C en moyenne annuelle selon la norme ISO R\u00e9frig\u00e9ration normale et cong\u00e9lation en mode fixe (compresseur)R\u00e9frig\u00e9ration normale en mode 12 volts (thermo\u00e9lectrique)R\u00e9glage de la temp\u00e9rature en continu en mode compresseurHauteur debout pour bouteilles [&hellip;]<\/p>\n","protected":false},"featured_media":1937,"template":"","meta":{"inline_featured_image":false},"product_brand":[],"product_cat":[2147],"product_tag":[],"class_list":{"0":"post-1280","1":"product","2":"type-product","3":"status-publish","4":"has-post-thumbnail","6":"product_cat-conservation","8":"first","9":"instock","10":"taxable","11":"shipping-taxable","12":"purchasable","13":"product-type-rentable"},"acf":[],"_links":{"self":[{"href":"https:\/\/indie.rent\/catalogue\/wp-json\/wp\/v2\/product\/1280","targetHints":{"allow":["GET"]}}],"collection":[{"href":"https:\/\/indie.rent\/catalogue\/wp-json\/wp\/v2\/product"}],"about":[{"href":"https:\/\/indie.rent\/catalogue\/wp-json\/wp\/v2\/types\/product"}],"version-history":[{"count":0,"href":"https:\/\/indie.rent\/catalogue\/wp-json\/wp\/v2\/product\/1280\/revisions"}],"wp:featuredmedia":[{"embeddable":true,"href":"https:\/\/indie.rent\/catalogue\/wp-json\/wp\/v2\/media\/1937"}],"wp:attachment":[{"href":"https:\/\/indie.rent\/catalogue\/wp-json\/wp\/v2\/media?parent=1280"}],"wp:term":[{"taxonomy":"product_brand","embeddable":true,"href":"https:\/\/indie.rent\/catalogue\/wp-json\/wp\/v2\/product_brand?post=1280"},{"taxonomy":"product_cat","embeddable":true,"href":"https:\/\/indie.rent\/catalogue\/wp-json\/wp\/v2\/product_cat?post=1280"},{"taxonomy":"product_tag","embeddable":true,"href":"https:\/\/indie.rent\/catalogue\/wp-json\/wp\/v2\/product_tag?post=1280"}],"curies":[{"name":"wp","href":"https:\/\/api.w.org\/{rel}","templated":true}]}}