{"id":1277,"date":"2025-01-10T17:30:04","date_gmt":"2025-01-10T16:30:04","guid":{"rendered":"https:\/\/indie.rent\/catalogue\/produit\/bague-dadaptation-nikon-f-vers-sony-e-vello\/"},"modified":"2026-04-16T17:08:16","modified_gmt":"2026-04-16T15:08:16","slug":"bague-dadaptation-nikon-f-vers-sony-e-vello","status":"publish","type":"product","link":"https:\/\/indie.rent\/catalogue\/produit\/bague-dadaptation-nikon-f-vers-sony-e-vello\/","title":{"rendered":"Bague d&#8217;Adaptation Nikon F vers Sony E (VELLO)"},"content":{"rendered":"<p>Bague adaptatrice Objectif Nikon vers bo\u00eetier Sony<\/p>\n<p>La bague d\u2019adaptation Vello LAE-SE-NFV5 permet de pouvoir \u00e9quiper des objectifs \u00e0 monture Nikon F sur les cam\u00e9ras \u00e0 monture Sony E. Elle fonctionne \u00e0 la fois avec les capteurs plein format et APS-C. Elle prend \u00e9galement en charge certains objectif de type G ou E. Cette bague conserve les fonctions de stabilisation d\u2019image, elle conserve \u00e9galement l\u2019\u00e9lectronique ce qui veut dire qu\u2019il est toujours possible de contr\u00f4ler l\u2019ouverture de l\u2019objectif via la cam\u00e9ra. Elle poss\u00e8de \u00e9galement un pied de tr\u00e9pied d\u2019un quart de pouce permettant une compatibilit\u00e9 \u00e9tendue pour toutes vos configurations.<\/p>\n<p>Elle est construite en m\u00e9tal durable et l\u00e9ger (la bague p\u00e8se environ 200 g) avec, \u00e0 l\u2019int\u00e9rieur, un rev\u00eatement de finition mat afin de r\u00e9duire les reflets internes.<\/p>\n","protected":false},"excerpt":{"rendered":"<p>Bague adaptatrice Objectif Nikon vers bo\u00eetier Sony La bague d\u2019adaptation Vello LAE-SE-NFV5 permet de pouvoir \u00e9quiper des objectifs \u00e0 monture Nikon F sur les cam\u00e9ras \u00e0 monture Sony E. Elle fonctionne \u00e0 la fois avec les capteurs plein format et APS-C. Elle prend \u00e9galement en charge certains objectif de type G ou E. Cette bague [&hellip;]<\/p>\n","protected":false},"featured_media":1882,"template":"","meta":{"inline_featured_image":false},"product_brand":[],"product_cat":[1959],"product_tag":[],"class_list":{"0":"post-1277","1":"product","2":"type-product","3":"status-publish","4":"has-post-thumbnail","6":"product_cat-bague-adaptation","8":"first","9":"instock","10":"taxable","11":"shipping-taxable","12":"purchasable","13":"product-type-rentable"},"acf":[],"_links":{"self":[{"href":"https:\/\/indie.rent\/catalogue\/wp-json\/wp\/v2\/product\/1277","targetHints":{"allow":["GET"]}}],"collection":[{"href":"https:\/\/indie.rent\/catalogue\/wp-json\/wp\/v2\/product"}],"about":[{"href":"https:\/\/indie.rent\/catalogue\/wp-json\/wp\/v2\/types\/product"}],"version-history":[{"count":0,"href":"https:\/\/indie.rent\/catalogue\/wp-json\/wp\/v2\/product\/1277\/revisions"}],"wp:featuredmedia":[{"embeddable":true,"href":"https:\/\/indie.rent\/catalogue\/wp-json\/wp\/v2\/media\/1882"}],"wp:attachment":[{"href":"https:\/\/indie.rent\/catalogue\/wp-json\/wp\/v2\/media?parent=1277"}],"wp:term":[{"taxonomy":"product_brand","embeddable":true,"href":"https:\/\/indie.rent\/catalogue\/wp-json\/wp\/v2\/product_brand?post=1277"},{"taxonomy":"product_cat","embeddable":true,"href":"https:\/\/indie.rent\/catalogue\/wp-json\/wp\/v2\/product_cat?post=1277"},{"taxonomy":"product_tag","embeddable":true,"href":"https:\/\/indie.rent\/catalogue\/wp-json\/wp\/v2\/product_tag?post=1277"}],"curies":[{"name":"wp","href":"https:\/\/api.w.org\/{rel}","templated":true}]}}