{"id":1271,"date":"2025-01-10T17:29:59","date_gmt":"2025-01-10T16:29:59","guid":{"rendered":"https:\/\/indie.rent\/catalogue\/produit\/petite-ez-up-1m50\/"},"modified":"2026-04-30T15:57:19","modified_gmt":"2026-04-30T13:57:19","slug":"petite-tente-noire-1m50x1m50-ez-up","status":"publish","type":"product","link":"https:\/\/indie.rent\/catalogue\/produit\/petite-tente-noire-1m50x1m50-ez-up\/","title":{"rendered":"Petite Tente Noire 1m50x1m50 &#8211; EZ-Up"},"content":{"rendered":"<p>De Petite EZ-Up 1m50 sont disponibles \u00e0 la location chez Indie !<\/p>\n<p>Description :<br \/>Taille : 1,5m x 1,5m<br \/>Hauteur au fa\u00eetage : 2,7m<br \/>Hauteur sous cantonni\u00e8re : 1,9m<br \/>Couleur : Noir<\/p>\n","protected":false},"excerpt":{"rendered":"<p>De Petite EZ-Up 1m50 sont disponibles \u00e0 la location chez Indie ! Description :Taille : 1,5m x 1,5mHauteur au fa\u00eetage : 2,7mHauteur sous cantonni\u00e8re : 1,9mCouleur : Noir<\/p>\n","protected":false},"featured_media":3574,"template":"","meta":{"inline_featured_image":false},"product_brand":[],"product_cat":[2157],"product_tag":[],"class_list":{"0":"post-1271","1":"product","2":"type-product","3":"status-publish","4":"has-post-thumbnail","6":"product_cat-tente","8":"first","9":"instock","10":"taxable","11":"shipping-taxable","12":"purchasable","13":"product-type-rentable"},"acf":[],"_links":{"self":[{"href":"https:\/\/indie.rent\/catalogue\/wp-json\/wp\/v2\/product\/1271","targetHints":{"allow":["GET"]}}],"collection":[{"href":"https:\/\/indie.rent\/catalogue\/wp-json\/wp\/v2\/product"}],"about":[{"href":"https:\/\/indie.rent\/catalogue\/wp-json\/wp\/v2\/types\/product"}],"version-history":[{"count":0,"href":"https:\/\/indie.rent\/catalogue\/wp-json\/wp\/v2\/product\/1271\/revisions"}],"wp:featuredmedia":[{"embeddable":true,"href":"https:\/\/indie.rent\/catalogue\/wp-json\/wp\/v2\/media\/3574"}],"wp:attachment":[{"href":"https:\/\/indie.rent\/catalogue\/wp-json\/wp\/v2\/media?parent=1271"}],"wp:term":[{"taxonomy":"product_brand","embeddable":true,"href":"https:\/\/indie.rent\/catalogue\/wp-json\/wp\/v2\/product_brand?post=1271"},{"taxonomy":"product_cat","embeddable":true,"href":"https:\/\/indie.rent\/catalogue\/wp-json\/wp\/v2\/product_cat?post=1271"},{"taxonomy":"product_tag","embeddable":true,"href":"https:\/\/indie.rent\/catalogue\/wp-json\/wp\/v2\/product_tag?post=1271"}],"curies":[{"name":"wp","href":"https:\/\/api.w.org\/{rel}","templated":true}]}}