{"id":1234,"date":"2025-01-10T17:29:37","date_gmt":"2025-01-10T16:29:37","guid":{"rendered":"https:\/\/indie.rent\/catalogue\/produit\/caisson-etanche-dicapac-wp-s10\/"},"modified":"2026-04-13T18:09:52","modified_gmt":"2026-04-13T16:09:52","slug":"sac-etanche-dicapac-wp-s10","status":"publish","type":"product","link":"https:\/\/indie.rent\/catalogue\/produit\/sac-etanche-dicapac-wp-s10\/","title":{"rendered":"Sac Etanche Dicapac WP-S10"},"content":{"rendered":"<p>\u00c9tui \u00e9tanche pour reflex num\u00e9rique avec objectif. La construction durable en plastique double couche prot\u00e8ge votre appareil photo de l&#8217;eau, de la poussi\u00e8re, du sable et d&#8217;autres \u00e9l\u00e9ments. Il est sp\u00e9cialement con\u00e7u pour la photographie sous-marine jusqu&#8217;\u00e0 5 m\u00e8tres de profondeur.<\/p>\n<p>L&#8217;\u00e9tui peut contenir votre appareil photo num\u00e9rique jusqu&#8217;\u00e0 19 cm de haut et 20 cm de large avec un objectif photo jusqu&#8217;\u00e0 150 mm de focale et 8 cm de diam\u00e8tre.<br \/>Le port de l&#8217;objectif photo int\u00e8gre une lentille en polycarbonate ultraviolet pour des images claires et nettes.<\/p>\n<p>L&#8217;\u00e9tui \u00e9tanche DiCAPac WP-S10 est id\u00e9al pour une vari\u00e9t\u00e9 d&#8217;activit\u00e9s de plein air telles que la plong\u00e9e, le kayak et le ski. Les dimensions ext\u00e9rieures de l&#8217;\u00e9tui sont de 27 x 19 x 23 cm.<\/p>\n<p>Caract\u00e9ristiques techniques<\/p>\n<p>&#8211; Double fermeture \u00e0 glissi\u00e8re avec fermeture velcro<\/p>\n<p>&#8211; Poids 430 grammes<\/p>\n<p>&#8211; Dimensions ext\u00e9rieures 27 x 19 x 23 cm<\/p>\n<p>&#8211; Dimensions int\u00e9rieures 20 x 17 x 19 cm<\/p>\n<p>Avertissements:\u00a0<\/p>\n<p>1. Ne pas utiliser la fonction Zoom dans l&#8217;eau<\/p>\n<p>2. Retirez tout filtre de l&#8217;objectif de l&#8217;appareil photo<\/p>\n<p>3. Ne pas utiliser avec la poign\u00e9e de batterie, l&#8217;objectif grand angle et le t\u00e9l\u00e9objectif.<\/p>\n<p>Utilisation:<\/p>\n<p>\u00e9tape 1\/2 : Fermez la fermeture \u00e9clair du sac et pliez-le sur toute sa longueur.<\/p>\n<p>\u00e9tape 2\/2 : Fermez le Velcro sur toute la longueur et assurez-vous qu&#8217;il se ferme correctement.<\/p>\n","protected":false},"excerpt":{"rendered":"<p>\u00c9tui \u00e9tanche pour reflex num\u00e9rique avec objectif. La construction durable en plastique double couche prot\u00e8ge votre appareil photo de l&#8217;eau, de la poussi\u00e8re, du sable et d&#8217;autres \u00e9l\u00e9ments. Il est sp\u00e9cialement con\u00e7u pour la photographie sous-marine jusqu&#8217;\u00e0 5 m\u00e8tres de profondeur. L&#8217;\u00e9tui peut contenir votre appareil photo num\u00e9rique jusqu&#8217;\u00e0 19 cm de haut et 20 [&hellip;]<\/p>\n","protected":false},"featured_media":3370,"template":"","meta":{"inline_featured_image":false},"product_brand":[],"product_cat":[1950],"product_tag":[],"class_list":{"0":"post-1234","1":"product","2":"type-product","3":"status-publish","4":"has-post-thumbnail","6":"product_cat-assistant","8":"first","9":"instock","10":"taxable","11":"shipping-taxable","12":"purchasable","13":"product-type-rentable"},"acf":[],"_links":{"self":[{"href":"https:\/\/indie.rent\/catalogue\/wp-json\/wp\/v2\/product\/1234","targetHints":{"allow":["GET"]}}],"collection":[{"href":"https:\/\/indie.rent\/catalogue\/wp-json\/wp\/v2\/product"}],"about":[{"href":"https:\/\/indie.rent\/catalogue\/wp-json\/wp\/v2\/types\/product"}],"version-history":[{"count":0,"href":"https:\/\/indie.rent\/catalogue\/wp-json\/wp\/v2\/product\/1234\/revisions"}],"wp:featuredmedia":[{"embeddable":true,"href":"https:\/\/indie.rent\/catalogue\/wp-json\/wp\/v2\/media\/3370"}],"wp:attachment":[{"href":"https:\/\/indie.rent\/catalogue\/wp-json\/wp\/v2\/media?parent=1234"}],"wp:term":[{"taxonomy":"product_brand","embeddable":true,"href":"https:\/\/indie.rent\/catalogue\/wp-json\/wp\/v2\/product_brand?post=1234"},{"taxonomy":"product_cat","embeddable":true,"href":"https:\/\/indie.rent\/catalogue\/wp-json\/wp\/v2\/product_cat?post=1234"},{"taxonomy":"product_tag","embeddable":true,"href":"https:\/\/indie.rent\/catalogue\/wp-json\/wp\/v2\/product_tag?post=1234"}],"curies":[{"name":"wp","href":"https:\/\/api.w.org\/{rel}","templated":true}]}}