{"id":1232,"date":"2025-01-10T17:29:36","date_gmt":"2025-01-10T16:29:36","guid":{"rendered":"https:\/\/indie.rent\/catalogue\/produit\/canon-a-chaleur-au-gaz-roturbo-19000\/"},"modified":"2026-04-05T00:17:39","modified_gmt":"2026-04-04T22:17:39","slug":"canon-a-chaleur-au-gaz-roturbo-19000","status":"publish","type":"product","link":"https:\/\/indie.rent\/catalogue\/produit\/canon-a-chaleur-au-gaz-roturbo-19000\/","title":{"rendered":"Canon \u00e0 chaleur au gaz ROTURBO 19000"},"content":{"rendered":"<p>Pour le chauffage de grands espaces utilitaires, chapiteaux, chantiers, ateliers, abris, hall, stand, \u00e9tale de march\u00e9, jardins&#8230;<\/p>\n<p>Il produit et diffuse la chaleur.<\/p>\n<p>Appareil mobile facilement d\u00e9pla\u00e7able.<\/p>\n<p>Allumage Piezo.<br \/>Bo\u00eetier en acier inoxydable grande qualit\u00e9.<br \/>Dispositifs de s\u00e9curit\u00e9 : protection thermique anti-surchauffe, s\u00e9curit\u00e9 d&#8217;allumage.<\/p>\n<p>Attention ! Le Roturbo 19000 s&#8217;utilise uniquement \u00e0 l&#8217;ext\u00e9rieur ou dans des locaux bien a\u00e9r\u00e9s.<\/p>\n<p>N\u00e9cessite une bouteille de gaz (non fournie) et une alimentation \u00e9lectrique pour le ventilateur (air puls\u00e9).<\/p>\n<p>Caract\u00e9ristiques techniques :<\/p>\n<p>&#8211; Volume \u00e0 chauffer : 185 m3.<\/p>\n<p>&#8211; Puissance : 18,50 kW.<br \/>&#8211; Dimensions : 46 x 23 x 31.<br \/>&#8211; Poids : 5 kg.<br \/>&#8211; Cat\u00e9gorie de gaz : I3B\/P &#8211; Propane\/Butane, I3P Propane.<br \/>&#8211; Pression de service : 300 mbars.<br \/>&#8211; Diam\u00e8tre des buses : 1,18 mm.<br \/>&#8211; Puissance nominale : I3B\/P : 18,20 Kw \/ I3P : 16,00 kW.<br \/>&#8211; Consommation de gaz : 1325 g\/h.<br \/>&#8211; T\u00b0C de la flamme : 980 \u00b0C.<br \/>&#8211; Rejet dans l&#8217;air : 500 m3\/h.<br \/>&#8211; Classe de T\u00b0C d&#8217;air : 48 K.<br \/>&#8211; Tension du r\u00e9seau : 230 V ~ \/ 50 Hz.<br \/>&#8211; Puissance absorb\u00e9e : 39 W.<br \/>&#8211; Type de protection : IPX4, moteur IP44.<br \/>&#8211; Classe de protection : I.<\/p>\n","protected":false},"excerpt":{"rendered":"<p>Pour le chauffage de grands espaces utilitaires, chapiteaux, chantiers, ateliers, abris, hall, stand, \u00e9tale de march\u00e9, jardins&#8230; Il produit et diffuse la chaleur. Appareil mobile facilement d\u00e9pla\u00e7able. Allumage Piezo.Bo\u00eetier en acier inoxydable grande qualit\u00e9.Dispositifs de s\u00e9curit\u00e9 : protection thermique anti-surchauffe, s\u00e9curit\u00e9 d&#8217;allumage. Attention ! Le Roturbo 19000 s&#8217;utilise uniquement \u00e0 l&#8217;ext\u00e9rieur ou dans des locaux [&hellip;]<\/p>\n","protected":false},"featured_media":2666,"template":"","meta":{"inline_featured_image":false},"product_brand":[],"product_cat":[2139],"product_tag":[],"class_list":{"0":"post-1232","1":"product","2":"type-product","3":"status-publish","4":"has-post-thumbnail","6":"product_cat-chauffage-au-gaz","8":"first","9":"instock","10":"taxable","11":"shipping-taxable","12":"purchasable","13":"product-type-rentable"},"acf":[],"_links":{"self":[{"href":"https:\/\/indie.rent\/catalogue\/wp-json\/wp\/v2\/product\/1232","targetHints":{"allow":["GET"]}}],"collection":[{"href":"https:\/\/indie.rent\/catalogue\/wp-json\/wp\/v2\/product"}],"about":[{"href":"https:\/\/indie.rent\/catalogue\/wp-json\/wp\/v2\/types\/product"}],"version-history":[{"count":0,"href":"https:\/\/indie.rent\/catalogue\/wp-json\/wp\/v2\/product\/1232\/revisions"}],"wp:featuredmedia":[{"embeddable":true,"href":"https:\/\/indie.rent\/catalogue\/wp-json\/wp\/v2\/media\/2666"}],"wp:attachment":[{"href":"https:\/\/indie.rent\/catalogue\/wp-json\/wp\/v2\/media?parent=1232"}],"wp:term":[{"taxonomy":"product_brand","embeddable":true,"href":"https:\/\/indie.rent\/catalogue\/wp-json\/wp\/v2\/product_brand?post=1232"},{"taxonomy":"product_cat","embeddable":true,"href":"https:\/\/indie.rent\/catalogue\/wp-json\/wp\/v2\/product_cat?post=1232"},{"taxonomy":"product_tag","embeddable":true,"href":"https:\/\/indie.rent\/catalogue\/wp-json\/wp\/v2\/product_tag?post=1232"}],"curies":[{"name":"wp","href":"https:\/\/api.w.org\/{rel}","templated":true}]}}