{"id":1191,"date":"2025-01-10T17:29:17","date_gmt":"2025-01-10T16:29:17","guid":{"rendered":"https:\/\/indie.rent\/catalogue\/produit\/aspirateur-sans-sac-dyson-dc29-exclusive\/"},"modified":"2026-04-16T17:15:07","modified_gmt":"2026-04-16T15:15:07","slug":"aspirateur-sans-sac-dyson-dc29-exclusive","status":"publish","type":"product","link":"https:\/\/indie.rent\/catalogue\/produit\/aspirateur-sans-sac-dyson-dc29-exclusive\/","title":{"rendered":"Aspirateur Sans Sac &#8211; Dyson DC29 Exclusive"},"content":{"rendered":"<p>Le Dyson DC29 dB Origin est un aspirateur sans sac utilisant la technologie Root Cyclone. Le famille DC29 dB profite d\u2019une conception am\u00e9lior\u00e9e pour diminuer les nuisances sonores.<\/p>\n<p>Les accessoires (brosse meubles et brosse 2 en 1) peuvent \u00eatre rang\u00e9s sur un porte-accessoire d\u00e9tachable fix\u00e9 sur le tube t\u00e9lescopique pour un acc\u00e8s rapide.<\/p>\n<p>La filtration est assur\u00e9e par un cyclone \u00e0 2 \u00e9tages (Technologie Root Cyclone) qui pi\u00e8ge les poussi\u00e8res et assure un niveau de filtration constant m\u00eame quand le bac se remplit. Un filtre permanent prot\u00e8ge le moteur.<\/p>\n<p>Le bac \u00e0 poussi\u00e8res est transparent, il n\u2019y a donc pas besoin d\u2019indicateur de remplissage.<\/p>\n","protected":false},"excerpt":{"rendered":"<p>Le Dyson DC29 dB Origin est un aspirateur sans sac utilisant la technologie Root Cyclone. Le famille DC29 dB profite d\u2019une conception am\u00e9lior\u00e9e pour diminuer les nuisances sonores. Les accessoires (brosse meubles et brosse 2 en 1) peuvent \u00eatre rang\u00e9s sur un porte-accessoire d\u00e9tachable fix\u00e9 sur le tube t\u00e9lescopique pour un acc\u00e8s rapide. La filtration [&hellip;]<\/p>\n","protected":false},"featured_media":3543,"template":"","meta":{"inline_featured_image":false},"product_brand":[],"product_cat":[2166],"product_tag":[],"class_list":{"0":"post-1191","1":"product","2":"type-product","3":"status-publish","4":"has-post-thumbnail","6":"product_cat-menage","8":"first","9":"instock","10":"taxable","11":"shipping-taxable","12":"purchasable","13":"product-type-rentable"},"acf":[],"_links":{"self":[{"href":"https:\/\/indie.rent\/catalogue\/wp-json\/wp\/v2\/product\/1191","targetHints":{"allow":["GET"]}}],"collection":[{"href":"https:\/\/indie.rent\/catalogue\/wp-json\/wp\/v2\/product"}],"about":[{"href":"https:\/\/indie.rent\/catalogue\/wp-json\/wp\/v2\/types\/product"}],"version-history":[{"count":0,"href":"https:\/\/indie.rent\/catalogue\/wp-json\/wp\/v2\/product\/1191\/revisions"}],"wp:featuredmedia":[{"embeddable":true,"href":"https:\/\/indie.rent\/catalogue\/wp-json\/wp\/v2\/media\/3543"}],"wp:attachment":[{"href":"https:\/\/indie.rent\/catalogue\/wp-json\/wp\/v2\/media?parent=1191"}],"wp:term":[{"taxonomy":"product_brand","embeddable":true,"href":"https:\/\/indie.rent\/catalogue\/wp-json\/wp\/v2\/product_brand?post=1191"},{"taxonomy":"product_cat","embeddable":true,"href":"https:\/\/indie.rent\/catalogue\/wp-json\/wp\/v2\/product_cat?post=1191"},{"taxonomy":"product_tag","embeddable":true,"href":"https:\/\/indie.rent\/catalogue\/wp-json\/wp\/v2\/product_tag?post=1191"}],"curies":[{"name":"wp","href":"https:\/\/api.w.org\/{rel}","templated":true}]}}