{"id":1166,"date":"2025-01-10T17:28:58","date_gmt":"2025-01-10T16:28:58","guid":{"rendered":"https:\/\/indie.rent\/catalogue\/produit\/projecteur-led-tube-360\/"},"modified":"2026-04-15T17:42:20","modified_gmt":"2026-04-15T15:42:20","slug":"projecteur-led-tube-360","status":"publish","type":"product","link":"https:\/\/indie.rent\/catalogue\/produit\/projecteur-led-tube-360\/","title":{"rendered":"Projecteur LED Tube 360\u00b0"},"content":{"rendered":"<p>Ce tube Led 360\u00b0 est disponible \u00e0 la location chez nous ! <\/p>\n<p>Mis en place au centre de zone de stockage, proche d&#8217;une table r\u00e9gie ou simplement pour \u00e9clairer votre camp de base sur vos tournage, cet \u00e9clairage se r\u00e9v\u00e9lera parfait. <br \/>Poss\u00e9dant une tr\u00e8s grande luminosit\u00e9 tout en \u00e9tant con\u00e7ue pour faire des \u00e9conomie d&#8217;\u00e9nergie, il deviendra vite votre incontournable en tournage nocturne. <br \/>Ce mod\u00e8le d&#8217;\u00e9clairage se branche en secteur mais il peut \u00e9galement \u00eatre branch\u00e9 en s\u00e9rie avec d&#8217;autre individu, vous permettant ainsi de cr\u00e9er une v\u00e9ritable zone \u00e9clair\u00e9 ou bien tracer un chemin de lumi\u00e8re pour permettre un d\u00e9placement plus ais\u00e9 de nuit. <\/p>\n<p>Caract\u00e9ristique : <br \/>Bouton pressoir marche-arr\u00eat<br \/>Syst\u00e8me range c\u00e2ble<br \/>Sangle de transport<\/p>\n<p>Tube LED r\u00e9sistant aux chocs<br \/>Longueur de c\u00e2ble : 3 m<br \/>Hauteur : 146 cm<br \/>\u00c9clairage \u00e0 360\u00b0<br \/>1 socle de prise NF \u00e0 clapet 16A &#8211; 250V \/ AC \/ 50Hz<\/p>\n<p>Fiche IP44<br \/>\u00e9clairage : 13000 lumens &#8211; 5000\u00b0K<br \/>Grille de protection<br \/>Tr\u00e8s grande luminosit\u00e9<br \/>Economie d&#8217;\u00e9nergie<\/p>\n","protected":false},"excerpt":{"rendered":"<p>Ce tube Led 360\u00b0 est disponible \u00e0 la location chez nous ! Mis en place au centre de zone de stockage, proche d&#8217;une table r\u00e9gie ou simplement pour \u00e9clairer votre camp de base sur vos tournage, cet \u00e9clairage se r\u00e9v\u00e9lera parfait. Poss\u00e9dant une tr\u00e8s grande luminosit\u00e9 tout en \u00e9tant con\u00e7ue pour faire des \u00e9conomie d&#8217;\u00e9nergie, [&hellip;]<\/p>\n","protected":false},"featured_media":3648,"template":"","meta":{"inline_featured_image":false},"product_brand":[],"product_cat":[2161],"product_tag":[],"class_list":{"0":"post-1166","1":"product","2":"type-product","3":"status-publish","4":"has-post-thumbnail","6":"product_cat-eclairage-sur-secteur","8":"first","9":"instock","10":"taxable","11":"shipping-taxable","12":"purchasable","13":"product-type-rentable"},"acf":[],"_links":{"self":[{"href":"https:\/\/indie.rent\/catalogue\/wp-json\/wp\/v2\/product\/1166","targetHints":{"allow":["GET"]}}],"collection":[{"href":"https:\/\/indie.rent\/catalogue\/wp-json\/wp\/v2\/product"}],"about":[{"href":"https:\/\/indie.rent\/catalogue\/wp-json\/wp\/v2\/types\/product"}],"version-history":[{"count":0,"href":"https:\/\/indie.rent\/catalogue\/wp-json\/wp\/v2\/product\/1166\/revisions"}],"wp:featuredmedia":[{"embeddable":true,"href":"https:\/\/indie.rent\/catalogue\/wp-json\/wp\/v2\/media\/3648"}],"wp:attachment":[{"href":"https:\/\/indie.rent\/catalogue\/wp-json\/wp\/v2\/media?parent=1166"}],"wp:term":[{"taxonomy":"product_brand","embeddable":true,"href":"https:\/\/indie.rent\/catalogue\/wp-json\/wp\/v2\/product_brand?post=1166"},{"taxonomy":"product_cat","embeddable":true,"href":"https:\/\/indie.rent\/catalogue\/wp-json\/wp\/v2\/product_cat?post=1166"},{"taxonomy":"product_tag","embeddable":true,"href":"https:\/\/indie.rent\/catalogue\/wp-json\/wp\/v2\/product_tag?post=1166"}],"curies":[{"name":"wp","href":"https:\/\/api.w.org\/{rel}","templated":true}]}}