{"id":1144,"date":"2025-01-10T17:28:48","date_gmt":"2025-01-10T16:28:48","guid":{"rendered":"https:\/\/indie.rent\/catalogue\/produit\/cafetiere-9l\/"},"modified":"2026-04-16T17:14:34","modified_gmt":"2026-04-16T15:14:34","slug":"cafetiere-9l","status":"publish","type":"product","link":"https:\/\/indie.rent\/catalogue\/produit\/cafetiere-9l\/","title":{"rendered":"Cafeti\u00e8re 9L"},"content":{"rendered":"<p>Cette cafeti\u00e8re percolateur d\u2019une capacit\u00e9 de 9L est parfaite pour r\u00e9aliser du caf\u00e9 en gros volume sur vos tournages. Son robinet de service le rend tr\u00e8s utile sur une table r\u00e9gie et il peut fournir jusqu\u2019\u00e0 55 tasses de 12ml \u00e0 partir de caf\u00e9 moulu. Cette appareil poss\u00e8de des poign\u00e9es thermo-isolantes qui permettent de la d\u00e9placer en toute s\u00e9curit\u00e9.<\/p>\n","protected":false},"excerpt":{"rendered":"<p>Cette cafeti\u00e8re percolateur d\u2019une capacit\u00e9 de 9L est parfaite pour r\u00e9aliser du caf\u00e9 en gros volume sur vos tournages. Son robinet de service le rend tr\u00e8s utile sur une table r\u00e9gie et il peut fournir jusqu\u2019\u00e0 55 tasses de 12ml \u00e0 partir de caf\u00e9 moulu. Cette appareil poss\u00e8de des poign\u00e9es thermo-isolantes qui permettent de la [&hellip;]<\/p>\n","protected":false},"featured_media":2052,"template":"","meta":{"inline_featured_image":false},"product_brand":[],"product_cat":[2144],"product_tag":[],"class_list":{"0":"post-1144","1":"product","2":"type-product","3":"status-publish","4":"has-post-thumbnail","6":"product_cat-cafe-boissons","8":"first","9":"instock","10":"taxable","11":"shipping-taxable","12":"purchasable","13":"product-type-rentable"},"acf":[],"_links":{"self":[{"href":"https:\/\/indie.rent\/catalogue\/wp-json\/wp\/v2\/product\/1144","targetHints":{"allow":["GET"]}}],"collection":[{"href":"https:\/\/indie.rent\/catalogue\/wp-json\/wp\/v2\/product"}],"about":[{"href":"https:\/\/indie.rent\/catalogue\/wp-json\/wp\/v2\/types\/product"}],"version-history":[{"count":0,"href":"https:\/\/indie.rent\/catalogue\/wp-json\/wp\/v2\/product\/1144\/revisions"}],"wp:featuredmedia":[{"embeddable":true,"href":"https:\/\/indie.rent\/catalogue\/wp-json\/wp\/v2\/media\/2052"}],"wp:attachment":[{"href":"https:\/\/indie.rent\/catalogue\/wp-json\/wp\/v2\/media?parent=1144"}],"wp:term":[{"taxonomy":"product_brand","embeddable":true,"href":"https:\/\/indie.rent\/catalogue\/wp-json\/wp\/v2\/product_brand?post=1144"},{"taxonomy":"product_cat","embeddable":true,"href":"https:\/\/indie.rent\/catalogue\/wp-json\/wp\/v2\/product_cat?post=1144"},{"taxonomy":"product_tag","embeddable":true,"href":"https:\/\/indie.rent\/catalogue\/wp-json\/wp\/v2\/product_tag?post=1144"}],"curies":[{"name":"wp","href":"https:\/\/api.w.org\/{rel}","templated":true}]}}