{"id":1088,"date":"2025-01-10T17:28:21","date_gmt":"2025-01-10T16:28:21","guid":{"rendered":"https:\/\/indie.rent\/catalogue\/produit\/fauteuil-de-mise-en-scene-noir-e-z-up\/"},"modified":"2026-04-15T17:14:34","modified_gmt":"2026-04-15T15:14:34","slug":"fauteuil-de-mise-en-scene-noir-e-z-up","status":"publish","type":"product","link":"https:\/\/indie.rent\/catalogue\/produit\/fauteuil-de-mise-en-scene-noir-e-z-up\/","title":{"rendered":"Fauteuil de Mise en Sc\u00e8ne Noir E-Z UP"},"content":{"rendered":"<p>Venez louer des fauteuils mise en sc\u00e8nes chez Indie ! <br \/>Chaque fauteuil de metteur en sc\u00e8ne est disponible avec son propre sac de transport.<br \/>Il apportera un confort suppl\u00e9mentaire sur vos plateau de tournage pour votre mise en sc\u00e8ne\/acteur !<\/p>\n","protected":false},"excerpt":{"rendered":"<p>Venez louer des fauteuils mise en sc\u00e8nes chez Indie ! Chaque fauteuil de metteur en sc\u00e8ne est disponible avec son propre sac de transport.Il apportera un confort suppl\u00e9mentaire sur vos plateau de tournage pour votre mise en sc\u00e8ne\/acteur !<\/p>\n","protected":false},"featured_media":3532,"template":"","meta":{"inline_featured_image":false},"product_brand":[],"product_cat":[2135],"product_tag":[],"class_list":{"0":"post-1088","1":"product","2":"type-product","3":"status-publish","4":"has-post-thumbnail","6":"product_cat-assises","8":"first","9":"instock","10":"taxable","11":"shipping-taxable","12":"purchasable","13":"product-type-rentable"},"acf":[],"_links":{"self":[{"href":"https:\/\/indie.rent\/catalogue\/wp-json\/wp\/v2\/product\/1088","targetHints":{"allow":["GET"]}}],"collection":[{"href":"https:\/\/indie.rent\/catalogue\/wp-json\/wp\/v2\/product"}],"about":[{"href":"https:\/\/indie.rent\/catalogue\/wp-json\/wp\/v2\/types\/product"}],"version-history":[{"count":0,"href":"https:\/\/indie.rent\/catalogue\/wp-json\/wp\/v2\/product\/1088\/revisions"}],"wp:featuredmedia":[{"embeddable":true,"href":"https:\/\/indie.rent\/catalogue\/wp-json\/wp\/v2\/media\/3532"}],"wp:attachment":[{"href":"https:\/\/indie.rent\/catalogue\/wp-json\/wp\/v2\/media?parent=1088"}],"wp:term":[{"taxonomy":"product_brand","embeddable":true,"href":"https:\/\/indie.rent\/catalogue\/wp-json\/wp\/v2\/product_brand?post=1088"},{"taxonomy":"product_cat","embeddable":true,"href":"https:\/\/indie.rent\/catalogue\/wp-json\/wp\/v2\/product_cat?post=1088"},{"taxonomy":"product_tag","embeddable":true,"href":"https:\/\/indie.rent\/catalogue\/wp-json\/wp\/v2\/product_tag?post=1088"}],"curies":[{"name":"wp","href":"https:\/\/api.w.org\/{rel}","templated":true}]}}