{"id":1071,"date":"2025-01-10T17:28:12","date_gmt":"2025-01-10T16:28:12","guid":{"rendered":"https:\/\/indie.rent\/catalogue\/produit\/cabine-quechua-2-sec\/"},"modified":"2026-04-16T18:02:44","modified_gmt":"2026-04-16T16:02:44","slug":"cabine-quechua-2-sec","status":"publish","type":"product","link":"https:\/\/indie.rent\/catalogue\/produit\/cabine-quechua-2-sec\/","title":{"rendered":"Cabine quechua 2 sec"},"content":{"rendered":"<p>Cabine portable pour loge\/essayage de d\u00e9plie en 2sec chrono. <br \/>Elle est id\u00e9al pour les tournages en ext\u00e9rieurs. <br \/>Tr\u00e8s l\u00e9g\u00e8re (1,9kg) et tr\u00e8s compacte une fois repli\u00e9e, sa structure r\u00e9duite permet de la ranger de partout. <\/p>\n<p>Taille : <br \/>D\u00e9pli\u00e9 : Longueur (L) x largeur (l) x Hauteur (h) : L100cm x l100cm x h200cm<br \/>Pli\u00e9 : h x d : 6cm x 62cm<\/p>\n","protected":false},"excerpt":{"rendered":"<p>Cabine portable pour loge\/essayage de d\u00e9plie en 2sec chrono. Elle est id\u00e9al pour les tournages en ext\u00e9rieurs. Tr\u00e8s l\u00e9g\u00e8re (1,9kg) et tr\u00e8s compacte une fois repli\u00e9e, sa structure r\u00e9duite permet de la ranger de partout. Taille : D\u00e9pli\u00e9 : Longueur (L) x largeur (l) x Hauteur (h) : L100cm x l100cm x h200cmPli\u00e9 : h [&hellip;]<\/p>\n","protected":false},"featured_media":2468,"template":"","meta":{"inline_featured_image":false},"product_brand":[],"product_cat":[2150],"product_tag":[],"class_list":{"0":"post-1071","1":"product","2":"type-product","3":"status-publish","4":"has-post-thumbnail","6":"product_cat-loge","8":"first","9":"instock","10":"taxable","11":"shipping-taxable","12":"purchasable","13":"product-type-rentable"},"acf":[],"_links":{"self":[{"href":"https:\/\/indie.rent\/catalogue\/wp-json\/wp\/v2\/product\/1071","targetHints":{"allow":["GET"]}}],"collection":[{"href":"https:\/\/indie.rent\/catalogue\/wp-json\/wp\/v2\/product"}],"about":[{"href":"https:\/\/indie.rent\/catalogue\/wp-json\/wp\/v2\/types\/product"}],"version-history":[{"count":0,"href":"https:\/\/indie.rent\/catalogue\/wp-json\/wp\/v2\/product\/1071\/revisions"}],"wp:featuredmedia":[{"embeddable":true,"href":"https:\/\/indie.rent\/catalogue\/wp-json\/wp\/v2\/media\/2468"}],"wp:attachment":[{"href":"https:\/\/indie.rent\/catalogue\/wp-json\/wp\/v2\/media?parent=1071"}],"wp:term":[{"taxonomy":"product_brand","embeddable":true,"href":"https:\/\/indie.rent\/catalogue\/wp-json\/wp\/v2\/product_brand?post=1071"},{"taxonomy":"product_cat","embeddable":true,"href":"https:\/\/indie.rent\/catalogue\/wp-json\/wp\/v2\/product_cat?post=1071"},{"taxonomy":"product_tag","embeddable":true,"href":"https:\/\/indie.rent\/catalogue\/wp-json\/wp\/v2\/product_tag?post=1071"}],"curies":[{"name":"wp","href":"https:\/\/api.w.org\/{rel}","templated":true}]}}